{"id":23918,"date":"2023-06-03T11:27:53","date_gmt":"2023-06-03T09:27:53","guid":{"rendered":"https:\/\/www.evkirche-roesrath.de\/?page_id=23918"},"modified":"2023-06-13T12:23:57","modified_gmt":"2023-06-13T10:23:57","slug":"zukunftswerkstatt","status":"publish","type":"page","link":"https:\/\/www.evkirche-roesrath.de\/index.php\/zukunftswerkstatt\/","title":{"rendered":"Zukunftswerkstatt"},"content":{"rendered":"\t\t<div data-elementor-type=\"wp-page\" data-elementor-id=\"23918\" class=\"elementor elementor-23918\">\n\t\t\t\t\t\t<section class=\"elementor-section elementor-top-section elementor-element elementor-element-569a529 elementor-section-boxed elementor-section-height-default elementor-section-height-default\" data-id=\"569a529\" data-element_type=\"section\" data-e-type=\"section\">\n\t\t\t\t\t\t<div class=\"elementor-container elementor-column-gap-default\">\n\t\t\t\t\t<div class=\"elementor-column elementor-col-33 elementor-top-column elementor-element elementor-element-c0bdcbf\" data-id=\"c0bdcbf\" data-element_type=\"column\" data-e-type=\"column\">\n\t\t\t<div class=\"elementor-widget-wrap elementor-element-populated\">\n\t\t\t\t\t\t<div class=\"elementor-element elementor-element-ba74e4f elementor-widget elementor-widget-image\" data-id=\"ba74e4f\" data-element_type=\"widget\" data-e-type=\"widget\" data-widget_type=\"image.default\">\n\t\t\t\t<div class=\"elementor-widget-container\">\n\t\t\t\t\t\t\t\t\t\t\t\t\t\t\t<img fetchpriority=\"high\" decoding=\"async\" width=\"300\" height=\"300\" src=\"https:\/\/www.evkirche-roesrath.de\/wp-content\/uploads\/2023\/06\/Zukunft_Logo_2.jpg\" class=\"attachment-large size-large wp-image-23917\" alt=\"\" srcset=\"https:\/\/www.evkirche-roesrath.de\/wp-content\/uploads\/2023\/06\/Zukunft_Logo_2.jpg 300w, https:\/\/www.evkirche-roesrath.de\/wp-content\/uploads\/2023\/06\/Zukunft_Logo_2-150x150.jpg 150w\" sizes=\"(max-width: 300px) 100vw, 300px\" \/>\t\t\t\t\t\t\t\t\t\t\t\t\t\t\t<\/div>\n\t\t\t\t<\/div>\n\t\t\t\t\t<\/div>\n\t\t<\/div>\n\t\t\t\t<div class=\"elementor-column elementor-col-33 elementor-top-column elementor-element elementor-element-9b227e6\" data-id=\"9b227e6\" data-element_type=\"column\" data-e-type=\"column\">\n\t\t\t<div class=\"elementor-widget-wrap elementor-element-populated\">\n\t\t\t\t\t\t<div class=\"elementor-element elementor-element-d99931e elementor-widget elementor-widget-text-editor\" data-id=\"d99931e\" data-element_type=\"widget\" data-e-type=\"widget\" data-widget_type=\"text-editor.default\">\n\t\t\t\t<div class=\"elementor-widget-container\">\n\t\t\t\t\t\t\t\t\t<p>Liebe Gemeinde,<\/p><p>aus der Zukunftswerkstatt werden Sie hier \u00fcber die Arbeiten und Beschl\u00fcsse des Presbyteriums zur Weiterentwicklung unserer Gemeinde informiert. Wir planen auch einen Newsletter, damit Sie per e-Mail direkt informiert werden.\u00a0<\/p><p>Unten auf der Seite k\u00f6nnen Sie Kommentare einstellen oder uns weitere Vorschl\u00e4ge zukommen lassen.<\/p>\t\t\t\t\t\t\t\t<\/div>\n\t\t\t\t<\/div>\n\t\t\t\t\t<\/div>\n\t\t<\/div>\n\t\t\t\t<div class=\"elementor-column elementor-col-33 elementor-top-column elementor-element elementor-element-06b0e81\" data-id=\"06b0e81\" data-element_type=\"column\" data-e-type=\"column\">\n\t\t\t<div class=\"elementor-widget-wrap elementor-element-populated\">\n\t\t\t\t\t\t<div class=\"elementor-element elementor-element-0c2d72e elementor-widget elementor-widget-html\" data-id=\"0c2d72e\" data-element_type=\"widget\" data-e-type=\"widget\" data-widget_type=\"html.default\">\n\t\t\t\t<div class=\"elementor-widget-container\">\n\t\t\t\t\tTermine:\n<div id=\"churchdesk-widget-1685792881090\" data-font-size=\"small\" data-simple-view=\"true\" data-information-label=\"icon\" data-organizations-categories=\"2516-150265\" data-organizations-resources=\"2516\" data-organization-id=\"2516\" data-widget-type=\"events\" data-language=\"de\" data-timestamp=\"1685792881090\"><\/div><script src=\"https:\/\/widgets.churchdesk.com\/assets\/js\/widgets.js\" async=\"true\"><\/script>\t\t\t\t<\/div>\n\t\t\t\t<\/div>\n\t\t\t\t\t<\/div>\n\t\t<\/div>\n\t\t\t\t\t<\/div>\n\t\t<\/section>\n\t\t\t\t<section class=\"elementor-section elementor-top-section elementor-element elementor-element-21d2cf7 elementor-section-boxed elementor-section-height-default elementor-section-height-default\" data-id=\"21d2cf7\" data-element_type=\"section\" data-e-type=\"section\">\n\t\t\t\t\t\t<div class=\"elementor-container elementor-column-gap-default\">\n\t\t\t\t\t<div class=\"elementor-column elementor-col-100 elementor-top-column elementor-element elementor-element-8674dd0\" data-id=\"8674dd0\" data-element_type=\"column\" data-e-type=\"column\">\n\t\t\t<div class=\"elementor-widget-wrap\">\n\t\t\t\t\t\t\t<\/div>\n\t\t<\/div>\n\t\t\t\t\t<\/div>\n\t\t<\/section>\n\t\t\t\t<section class=\"elementor-section elementor-top-section elementor-element elementor-element-e3f4943 elementor-section-boxed elementor-section-height-default elementor-section-height-default\" data-id=\"e3f4943\" data-element_type=\"section\" data-e-type=\"section\">\n\t\t\t\t\t\t<div class=\"elementor-container elementor-column-gap-default\">\n\t\t\t\t\t<div class=\"elementor-column elementor-col-100 elementor-top-column elementor-element elementor-element-dbfd29f\" data-id=\"dbfd29f\" data-element_type=\"column\" data-e-type=\"column\">\n\t\t\t<div class=\"elementor-widget-wrap elementor-element-populated\">\n\t\t\t\t\t\t<div class=\"elementor-element elementor-element-fd3c37c premium-blog-align-left elementor-widget elementor-widget-premium-addon-blog\" data-id=\"fd3c37c\" data-element_type=\"widget\" data-e-type=\"widget\" data-settings=\"{&quot;premium_blog_grid&quot;:&quot;yes&quot;,&quot;premium_blog_layout&quot;:&quot;even&quot;,&quot;premium_blog_columns_number&quot;:&quot;50%&quot;,&quot;premium_blog_columns_number_tablet&quot;:&quot;50%&quot;,&quot;premium_blog_columns_number_mobile&quot;:&quot;100%&quot;}\" data-widget_type=\"premium-addon-blog.default\">\n\t\t\t\t<div class=\"elementor-widget-container\">\n\t\t\t\t\t\n\t\t\n\n\t\t\t\t<div class=\"premium-blog-wrap  premium-blog-even\" data-page=\"23918\">\n\t\t\t\t\t\t\t\t\t<div class=\"premium-blog-post-outer-container\" data-total=\"4\">\n\t\t\t<div class=\"premium-blog-post-container premium-blog-skin-classic\">\n\t\t\t\t\t\t\t\t\t<div class=\"premium-blog-thumb-effect-wrapper\">\n\t\t\t\t\t\t<div class=\"premium-blog-thumbnail-container premium-blog-zoomin-effect\">\n\t\t\t\t\t\t\t<img decoding=\"async\" width=\"1600\" height=\"1066\" src=\"https:\/\/www.evkirche-roesrath.de\/wp-content\/uploads\/2026\/01\/VolbergNeu.jpeg\" class=\"attachment-full size-full wp-image-28040\" alt=\"\" srcset=\"https:\/\/www.evkirche-roesrath.de\/wp-content\/uploads\/2026\/01\/VolbergNeu.jpeg 1600w, https:\/\/www.evkirche-roesrath.de\/wp-content\/uploads\/2026\/01\/VolbergNeu-300x200.jpeg 300w, https:\/\/www.evkirche-roesrath.de\/wp-content\/uploads\/2026\/01\/VolbergNeu-1024x682.jpeg 1024w, https:\/\/www.evkirche-roesrath.de\/wp-content\/uploads\/2026\/01\/VolbergNeu-768x512.jpeg 768w, https:\/\/www.evkirche-roesrath.de\/wp-content\/uploads\/2026\/01\/VolbergNeu-1536x1023.jpeg 1536w, https:\/\/www.evkirche-roesrath.de\/wp-content\/uploads\/2026\/01\/VolbergNeu-390x261.jpeg 390w\" sizes=\"(max-width: 1600px) 100vw, 1600px\" \/>\t\t\t\t\t\t<\/div>\n\t\t\t\t\t\t\t\t\t\t\t\t\t<div class=\"premium-blog-thumbnail-overlay\">\n\t\t\t\t\t\t\t\t<a class=\"elementor-icon\" href=\"https:\/\/www.evkirche-roesrath.de\/index.php\/2026\/03\/17\/neues-von-der-kita-volberg\/\" target=\"_blank\"><\/a>\n\t\t\t\t\t\t\t<\/div>\n\n\t\t\t\t\t\t\t\t\t\t\t\t\t\t\t\t\t\t<\/div>\n\t\t\t\t\t\t\t\t\t\t\t\t<div class=\"premium-blog-content-wrapper \">\n\n\t\t\t\t\t<div class=\"premium-blog-inner-container\">\n\n\t\t\t\t\t\t\t\t\t\t\t\t\t\t<h2 class=\"premium-blog-entry-title\">\n\t\t\t<a href=\"https:\/\/www.evkirche-roesrath.de\/index.php\/2026\/03\/17\/neues-von-der-kita-volberg\/\" target=\"_blank\">\n\t\t\t\tUpdate aus Volberg\t\t\t<\/a>\n\t\t<\/h2>\n\t\t\t\t<div class=\"premium-blog-entry-meta\">\n\t\t\t\n\t\t\t\t\t\t\t<span class=\"premium-blog-meta-separator\">\u2022<\/span>\n\t\t\t\t<div class=\"premium-blog-post-time premium-blog-meta-data\">\n\t\t\t\t\t<i class=\"fa fa-calendar-alt\" aria-hidden=\"true\"><\/i>\n\t\t\t\t\t<span>17. M\u00e4rz 2026<\/span>\n\t\t\t\t<\/div>\n\t\t\t\n\t\t\t\n\t\t\t\t\t\t\t<span class=\"premium-blog-meta-separator\">\u2022<\/span>\n\t\t\t\t<div class=\"premium-blog-post-comments premium-blog-meta-data\">\n\t\t\t\t\t<i class=\"fa fa-comments-o fa-fw\" aria-hidden=\"true\"><\/i>\n\t\t\t\t\t<span>Keine Kommentare<\/span>\t\t\t\t<\/div>\n\t\t\t\t\t<\/div>\n\t\t\n\t\t\t\t\t<\/div>\n\n\t\t\t\t\t\t\t<div class=\"premium-blog-content-inner-wrapper\">\n\t\t<p class=\"premium-blog-post-content\">\ufeff&#8220;Gott spricht: Siehe, ich mache alles neu!&#8220; Am 16. M\u00e4rz konnten wir im Rahmen einer Feierstunde die offizielle Er\u00f6ffnung der Kindertagesst\u00e4tte Volberg<\/p><div class=\"premium-blog-excerpt-link-wrap\"><a href=\"https:\/\/www.evkirche-roesrath.de\/index.php\/2026\/03\/17\/neues-von-der-kita-volberg\/\" target=\"_blank\" class=\"premium-blog-excerpt-link elementor-button\">weiterlesen \u00bb<\/a><\/div>\t\t<\/div>\n\t\t\t\t\t\t\t\n\t\t\t\t<\/div>\n\t\t\t<\/div>\n\t\t<\/div>\n\n\t\t\t\t<div class=\"premium-blog-post-outer-container\" data-total=\"4\">\n\t\t\t<div class=\"premium-blog-post-container premium-blog-skin-classic\">\n\t\t\t\t\t\t\t\t\t<div class=\"premium-blog-thumb-effect-wrapper\">\n\t\t\t\t\t\t<div class=\"premium-blog-thumbnail-container premium-blog-zoomin-effect\">\n\t\t\t\t\t\t\t<img decoding=\"async\" width=\"1110\" height=\"500\" src=\"https:\/\/www.evkirche-roesrath.de\/wp-content\/uploads\/2023\/03\/2022_gemeindeversammlungj.jpg\" class=\"attachment-full size-full wp-image-23646\" alt=\"\" srcset=\"https:\/\/www.evkirche-roesrath.de\/wp-content\/uploads\/2023\/03\/2022_gemeindeversammlungj.jpg 1110w, https:\/\/www.evkirche-roesrath.de\/wp-content\/uploads\/2023\/03\/2022_gemeindeversammlungj-300x135.jpg 300w, https:\/\/www.evkirche-roesrath.de\/wp-content\/uploads\/2023\/03\/2022_gemeindeversammlungj-1024x461.jpg 1024w, https:\/\/www.evkirche-roesrath.de\/wp-content\/uploads\/2023\/03\/2022_gemeindeversammlungj-768x346.jpg 768w\" sizes=\"(max-width: 1110px) 100vw, 1110px\" \/>\t\t\t\t\t\t<\/div>\n\t\t\t\t\t\t\t\t\t\t\t\t\t<div class=\"premium-blog-thumbnail-overlay\">\n\t\t\t\t\t\t\t\t<a class=\"elementor-icon\" href=\"https:\/\/www.evkirche-roesrath.de\/index.php\/2026\/02\/13\/protokoll-der-gemeindeversammlung-11-01-2026\/\" target=\"_blank\"><\/a>\n\t\t\t\t\t\t\t<\/div>\n\n\t\t\t\t\t\t\t\t\t\t\t\t\t\t\t\t\t\t<\/div>\n\t\t\t\t\t\t\t\t\t\t\t\t<div class=\"premium-blog-content-wrapper \">\n\n\t\t\t\t\t<div class=\"premium-blog-inner-container\">\n\n\t\t\t\t\t\t\t\t\t\t\t\t\t\t<h2 class=\"premium-blog-entry-title\">\n\t\t\t<a href=\"https:\/\/www.evkirche-roesrath.de\/index.php\/2026\/02\/13\/protokoll-der-gemeindeversammlung-11-01-2026\/\" target=\"_blank\">\n\t\t\t\tProtokoll der Gemeindeversammlung 11.01.2026\t\t\t<\/a>\n\t\t<\/h2>\n\t\t\t\t<div class=\"premium-blog-entry-meta\">\n\t\t\t\n\t\t\t\t\t\t\t<span class=\"premium-blog-meta-separator\">\u2022<\/span>\n\t\t\t\t<div class=\"premium-blog-post-time premium-blog-meta-data\">\n\t\t\t\t\t<i class=\"fa fa-calendar-alt\" aria-hidden=\"true\"><\/i>\n\t\t\t\t\t<span>13. Februar 2026<\/span>\n\t\t\t\t<\/div>\n\t\t\t\n\t\t\t\n\t\t\t\t\t\t\t<span class=\"premium-blog-meta-separator\">\u2022<\/span>\n\t\t\t\t<div class=\"premium-blog-post-comments premium-blog-meta-data\">\n\t\t\t\t\t<i class=\"fa fa-comments-o fa-fw\" aria-hidden=\"true\"><\/i>\n\t\t\t\t\t<a href=\"https:\/\/www.evkirche-roesrath.de\/index.php\/2026\/02\/13\/protokoll-der-gemeindeversammlung-11-01-2026\/#respond\">Keine Kommentare<\/a>\t\t\t\t<\/div>\n\t\t\t\t\t<\/div>\n\t\t\n\t\t\t\t\t<\/div>\n\n\t\t\t\t\t\t\t<div class=\"premium-blog-content-inner-wrapper\">\n\t\t<p class=\"premium-blog-post-content\">Am 11.01.2026 fand die Gemeindeversammlung in Volberg statt. Das vollst\u00e4ndige Protokoll der Gemeindeversammlung, einschliesslich aller Fragen und Antworten, k\u00f6nnen Sie hier herunterladen.<\/p><div class=\"premium-blog-excerpt-link-wrap\"><a href=\"https:\/\/www.evkirche-roesrath.de\/index.php\/2026\/02\/13\/protokoll-der-gemeindeversammlung-11-01-2026\/\" target=\"_blank\" class=\"premium-blog-excerpt-link elementor-button\">weiterlesen \u00bb<\/a><\/div>\t\t<\/div>\n\t\t\t\t\t\t\t\n\t\t\t\t<\/div>\n\t\t\t<\/div>\n\t\t<\/div>\n\n\t\t\t\t<div class=\"premium-blog-post-outer-container\" data-total=\"4\">\n\t\t\t<div class=\"premium-blog-post-container premium-blog-skin-classic\">\n\t\t\t\t\t\t\t\t\t<div class=\"premium-blog-thumb-effect-wrapper\">\n\t\t\t\t\t\t<div class=\"premium-blog-thumbnail-container premium-blog-zoomin-effect\">\n\t\t\t\t\t\t\t<img loading=\"lazy\" decoding=\"async\" width=\"1920\" height=\"1080\" src=\"https:\/\/www.evkirche-roesrath.de\/wp-content\/uploads\/2025\/01\/GZ-Forsbach.jpg\" class=\"attachment-full size-full wp-image-26838\" alt=\"\" srcset=\"https:\/\/www.evkirche-roesrath.de\/wp-content\/uploads\/2025\/01\/GZ-Forsbach.jpg 1920w, https:\/\/www.evkirche-roesrath.de\/wp-content\/uploads\/2025\/01\/GZ-Forsbach-300x169.jpg 300w, https:\/\/www.evkirche-roesrath.de\/wp-content\/uploads\/2025\/01\/GZ-Forsbach-1024x576.jpg 1024w, https:\/\/www.evkirche-roesrath.de\/wp-content\/uploads\/2025\/01\/GZ-Forsbach-768x432.jpg 768w, https:\/\/www.evkirche-roesrath.de\/wp-content\/uploads\/2025\/01\/GZ-Forsbach-1536x864.jpg 1536w\" sizes=\"(max-width: 1920px) 100vw, 1920px\" \/>\t\t\t\t\t\t<\/div>\n\t\t\t\t\t\t\t\t\t\t\t\t\t<div class=\"premium-blog-thumbnail-overlay\">\n\t\t\t\t\t\t\t\t<a class=\"elementor-icon\" href=\"https:\/\/www.evkirche-roesrath.de\/index.php\/2025\/08\/01\/tschuess-kot-hallo-z-ogs\/\" target=\"_blank\"><\/a>\n\t\t\t\t\t\t\t<\/div>\n\n\t\t\t\t\t\t\t\t\t\t\t\t\t\t\t\t\t\t<\/div>\n\t\t\t\t\t\t\t\t\t\t\t\t<div class=\"premium-blog-content-wrapper \">\n\n\t\t\t\t\t<div class=\"premium-blog-inner-container\">\n\n\t\t\t\t\t\t\t\t\t\t\t\t\t\t<h2 class=\"premium-blog-entry-title\">\n\t\t\t<a href=\"https:\/\/www.evkirche-roesrath.de\/index.php\/2025\/08\/01\/tschuess-kot-hallo-z-ogs\/\" target=\"_blank\">\n\t\t\t\tTsch\u00fcss KOT &#8211; Hallo Z-OGS\t\t\t<\/a>\n\t\t<\/h2>\n\t\t\t\t<div class=\"premium-blog-entry-meta\">\n\t\t\t\n\t\t\t\t\t\t\t<span class=\"premium-blog-meta-separator\">\u2022<\/span>\n\t\t\t\t<div class=\"premium-blog-post-time premium-blog-meta-data\">\n\t\t\t\t\t<i class=\"fa fa-calendar-alt\" aria-hidden=\"true\"><\/i>\n\t\t\t\t\t<span>1. August 2025<\/span>\n\t\t\t\t<\/div>\n\t\t\t\n\t\t\t\n\t\t\t\t\t\t\t<span class=\"premium-blog-meta-separator\">\u2022<\/span>\n\t\t\t\t<div class=\"premium-blog-post-comments premium-blog-meta-data\">\n\t\t\t\t\t<i class=\"fa fa-comments-o fa-fw\" aria-hidden=\"true\"><\/i>\n\t\t\t\t\t<span>Keine Kommentare<\/span>\t\t\t\t<\/div>\n\t\t\t\t\t<\/div>\n\t\t\n\t\t\t\t\t<\/div>\n\n\t\t\t\t\t\t\t<div class=\"premium-blog-content-inner-wrapper\">\n\t\t<p class=\"premium-blog-post-content\">Es ist soweit. Die Vorbereitungen zur Einrichtung einer zus\u00e4tzlichen Offenen Ganztagsschule (Z-OGS) in unserem ehemaligen Gemeindezentrum in Forsbach sind abgeschlossen. Da die<\/p><div class=\"premium-blog-excerpt-link-wrap\"><a href=\"https:\/\/www.evkirche-roesrath.de\/index.php\/2025\/08\/01\/tschuess-kot-hallo-z-ogs\/\" target=\"_blank\" class=\"premium-blog-excerpt-link elementor-button\">weiterlesen \u00bb<\/a><\/div>\t\t<\/div>\n\t\t\t\t\t\t\t\n\t\t\t\t<\/div>\n\t\t\t<\/div>\n\t\t<\/div>\n\n\t\t\t\t<div class=\"premium-blog-post-outer-container\" data-total=\"4\">\n\t\t\t<div class=\"premium-blog-post-container premium-blog-skin-classic\">\n\t\t\t\t\t\t\t\t\t<div class=\"premium-blog-thumb-effect-wrapper\">\n\t\t\t\t\t\t<div class=\"premium-blog-thumbnail-container premium-blog-zoomin-effect\">\n\t\t\t\t\t\t\t<img decoding=\"async\" width=\"1110\" height=\"500\" src=\"https:\/\/www.evkirche-roesrath.de\/wp-content\/uploads\/2023\/03\/2022_gemeindeversammlungj.jpg\" class=\"attachment-full size-full wp-image-23646\" alt=\"\" srcset=\"https:\/\/www.evkirche-roesrath.de\/wp-content\/uploads\/2023\/03\/2022_gemeindeversammlungj.jpg 1110w, https:\/\/www.evkirche-roesrath.de\/wp-content\/uploads\/2023\/03\/2022_gemeindeversammlungj-300x135.jpg 300w, https:\/\/www.evkirche-roesrath.de\/wp-content\/uploads\/2023\/03\/2022_gemeindeversammlungj-1024x461.jpg 1024w, https:\/\/www.evkirche-roesrath.de\/wp-content\/uploads\/2023\/03\/2022_gemeindeversammlungj-768x346.jpg 768w\" sizes=\"(max-width: 1110px) 100vw, 1110px\" \/>\t\t\t\t\t\t<\/div>\n\t\t\t\t\t\t\t\t\t\t\t\t\t<div class=\"premium-blog-thumbnail-overlay\">\n\t\t\t\t\t\t\t\t<a class=\"elementor-icon\" href=\"https:\/\/www.evkirche-roesrath.de\/index.php\/2024\/11\/14\/protokoll-der-gemeindeversammlung\/\" target=\"_blank\"><\/a>\n\t\t\t\t\t\t\t<\/div>\n\n\t\t\t\t\t\t\t\t\t\t\t\t\t\t\t\t\t\t<\/div>\n\t\t\t\t\t\t\t\t\t\t\t\t<div class=\"premium-blog-content-wrapper \">\n\n\t\t\t\t\t<div class=\"premium-blog-inner-container\">\n\n\t\t\t\t\t\t\t\t\t\t\t\t\t\t<h2 class=\"premium-blog-entry-title\">\n\t\t\t<a href=\"https:\/\/www.evkirche-roesrath.de\/index.php\/2024\/11\/14\/protokoll-der-gemeindeversammlung\/\" target=\"_blank\">\n\t\t\t\tProtokoll der Gemeindeversammlung\t\t\t<\/a>\n\t\t<\/h2>\n\t\t\t\t<div class=\"premium-blog-entry-meta\">\n\t\t\t\n\t\t\t\t\t\t\t<span class=\"premium-blog-meta-separator\">\u2022<\/span>\n\t\t\t\t<div class=\"premium-blog-post-time premium-blog-meta-data\">\n\t\t\t\t\t<i class=\"fa fa-calendar-alt\" aria-hidden=\"true\"><\/i>\n\t\t\t\t\t<span>14. November 2024<\/span>\n\t\t\t\t<\/div>\n\t\t\t\n\t\t\t\n\t\t\t\t\t\t\t<span class=\"premium-blog-meta-separator\">\u2022<\/span>\n\t\t\t\t<div class=\"premium-blog-post-comments premium-blog-meta-data\">\n\t\t\t\t\t<i class=\"fa fa-comments-o fa-fw\" aria-hidden=\"true\"><\/i>\n\t\t\t\t\t<span>Keine Kommentare<\/span>\t\t\t\t<\/div>\n\t\t\t\t\t<\/div>\n\t\t\n\t\t\t\t\t<\/div>\n\n\t\t\t\t\t\t\t<div class=\"premium-blog-content-inner-wrapper\">\n\t\t<p class=\"premium-blog-post-content\">Am 27.10.2024 fand die Gemeindeversammlung in Volberg statt, und wir geben Ihnen an dieser Stelle einen kurzen \u00dcberblick u\u0308ber alle diskutierten Themen.<\/p><div class=\"premium-blog-excerpt-link-wrap\"><a href=\"https:\/\/www.evkirche-roesrath.de\/index.php\/2024\/11\/14\/protokoll-der-gemeindeversammlung\/\" target=\"_blank\" class=\"premium-blog-excerpt-link elementor-button\">weiterlesen \u00bb<\/a><\/div>\t\t<\/div>\n\t\t\t\t\t\t\t\n\t\t\t\t<\/div>\n\t\t\t<\/div>\n\t\t<\/div>\n\n\t\t\t\t<div class=\"premium-blog-post-outer-container\" data-total=\"4\">\n\t\t\t<div class=\"premium-blog-post-container premium-blog-skin-classic\">\n\t\t\t\t\t\t\t\t\t<div class=\"premium-blog-thumb-effect-wrapper\">\n\t\t\t\t\t\t<div class=\"premium-blog-thumbnail-container premium-blog-zoomin-effect\">\n\t\t\t\t\t\t\t<img loading=\"lazy\" decoding=\"async\" width=\"500\" height=\"340\" src=\"https:\/\/www.evkirche-roesrath.de\/wp-content\/uploads\/2024\/08\/Konzept.jpg\" class=\"attachment-full size-full wp-image-26239\" alt=\"\" srcset=\"https:\/\/www.evkirche-roesrath.de\/wp-content\/uploads\/2024\/08\/Konzept.jpg 500w, https:\/\/www.evkirche-roesrath.de\/wp-content\/uploads\/2024\/08\/Konzept-300x204.jpg 300w\" sizes=\"(max-width: 500px) 100vw, 500px\" \/>\t\t\t\t\t\t<\/div>\n\t\t\t\t\t\t\t\t\t\t\t\t\t<div class=\"premium-blog-thumbnail-overlay\">\n\t\t\t\t\t\t\t\t<a class=\"elementor-icon\" href=\"https:\/\/www.evkirche-roesrath.de\/index.php\/2024\/08\/22\/gemeindekonzeption-ist-verabschiedet\/\" target=\"_blank\"><\/a>\n\t\t\t\t\t\t\t<\/div>\n\n\t\t\t\t\t\t\t\t\t\t\t\t\t\t\t\t\t\t<\/div>\n\t\t\t\t\t\t\t\t\t\t\t\t<div class=\"premium-blog-content-wrapper \">\n\n\t\t\t\t\t<div class=\"premium-blog-inner-container\">\n\n\t\t\t\t\t\t\t\t\t\t\t\t\t\t<h2 class=\"premium-blog-entry-title\">\n\t\t\t<a href=\"https:\/\/www.evkirche-roesrath.de\/index.php\/2024\/08\/22\/gemeindekonzeption-ist-verabschiedet\/\" target=\"_blank\">\n\t\t\t\tGemeindekonzeption ist verabschiedet!\t\t\t<\/a>\n\t\t<\/h2>\n\t\t\t\t<div class=\"premium-blog-entry-meta\">\n\t\t\t\n\t\t\t\t\t\t\t<span class=\"premium-blog-meta-separator\">\u2022<\/span>\n\t\t\t\t<div class=\"premium-blog-post-time premium-blog-meta-data\">\n\t\t\t\t\t<i class=\"fa fa-calendar-alt\" aria-hidden=\"true\"><\/i>\n\t\t\t\t\t<span>22. August 2024<\/span>\n\t\t\t\t<\/div>\n\t\t\t\n\t\t\t\n\t\t\t\t\t\t\t<span class=\"premium-blog-meta-separator\">\u2022<\/span>\n\t\t\t\t<div class=\"premium-blog-post-comments premium-blog-meta-data\">\n\t\t\t\t\t<i class=\"fa fa-comments-o fa-fw\" aria-hidden=\"true\"><\/i>\n\t\t\t\t\t<span>Keine Kommentare<\/span>\t\t\t\t<\/div>\n\t\t\t\t\t<\/div>\n\t\t\n\t\t\t\t\t<\/div>\n\n\t\t\t\t\t\t\t<div class=\"premium-blog-content-inner-wrapper\">\n\t\t<p class=\"premium-blog-post-content\">In seiner Sitzung vom 21. August 2024 hat das Presbyterium die Konzeption f\u00fcr unsere Gemeinde verabschiedet! Dieses Konzept beschreibt die Ziele und<\/p><div class=\"premium-blog-excerpt-link-wrap\"><a href=\"https:\/\/www.evkirche-roesrath.de\/index.php\/2024\/08\/22\/gemeindekonzeption-ist-verabschiedet\/\" target=\"_blank\" class=\"premium-blog-excerpt-link elementor-button\">weiterlesen \u00bb<\/a><\/div>\t\t<\/div>\n\t\t\t\t\t\t\t\n\t\t\t\t<\/div>\n\t\t\t<\/div>\n\t\t<\/div>\n\n\t\t\t\t<div class=\"premium-blog-post-outer-container\" data-total=\"4\">\n\t\t\t<div class=\"premium-blog-post-container premium-blog-skin-classic\">\n\t\t\t\t\t\t\t\t\t\t\t\t<div class=\"premium-blog-content-wrapper empty-thumb\">\n\n\t\t\t\t\t<div class=\"premium-blog-inner-container\">\n\n\t\t\t\t\t\t\t\t\t\t\t\t\t\t<h2 class=\"premium-blog-entry-title\">\n\t\t\t<a href=\"https:\/\/www.evkirche-roesrath.de\/index.php\/2024\/03\/25\/ergebnisse-der-zukunftswerkstatt-vom-23-03\/\" target=\"_blank\">\n\t\t\t\tErgebnisse der Zukunftswerkstatt vom 23.03.\t\t\t<\/a>\n\t\t<\/h2>\n\t\t\t\t<div class=\"premium-blog-entry-meta\">\n\t\t\t\n\t\t\t\t\t\t\t<span class=\"premium-blog-meta-separator\">\u2022<\/span>\n\t\t\t\t<div class=\"premium-blog-post-time premium-blog-meta-data\">\n\t\t\t\t\t<i class=\"fa fa-calendar-alt\" aria-hidden=\"true\"><\/i>\n\t\t\t\t\t<span>25. M\u00e4rz 2024<\/span>\n\t\t\t\t<\/div>\n\t\t\t\n\t\t\t\n\t\t\t\t\t\t\t<span class=\"premium-blog-meta-separator\">\u2022<\/span>\n\t\t\t\t<div class=\"premium-blog-post-comments premium-blog-meta-data\">\n\t\t\t\t\t<i class=\"fa fa-comments-o fa-fw\" aria-hidden=\"true\"><\/i>\n\t\t\t\t\t<span>Keine Kommentare<\/span>\t\t\t\t<\/div>\n\t\t\t\t\t<\/div>\n\t\t\n\t\t\t\t\t<\/div>\n\n\t\t\t\t\t\t\t<div class=\"premium-blog-content-inner-wrapper\">\n\t\t<p class=\"premium-blog-post-content\">Am Samstag, 23.M\u00e4rz 2024, trafen sich nun zum 5. mal engagierte Gemeindeglieder um in einem Workshop die Gemeindekonzeption zu beraten. Die Ergebnisse<\/p><div class=\"premium-blog-excerpt-link-wrap\"><a href=\"https:\/\/www.evkirche-roesrath.de\/index.php\/2024\/03\/25\/ergebnisse-der-zukunftswerkstatt-vom-23-03\/\" target=\"_blank\" class=\"premium-blog-excerpt-link elementor-button\">weiterlesen \u00bb<\/a><\/div>\t\t<\/div>\n\t\t\t\t\t\t\t\n\t\t\t\t<\/div>\n\t\t\t<\/div>\n\t\t<\/div>\n\n\t\t\t\t\t\t\t<\/div>\n\n\t\t\n\t\t\n\t\t\t\t\t\t<\/div>\n\t\t\t\t<\/div>\n\t\t\t\t\t<\/div>\n\t\t<\/div>\n\t\t\t\t\t<\/div>\n\t\t<\/section>\n\t\t\t\t<\/div>\n\t\t ","protected":false},"excerpt":{"rendered":"<p>Liebe Gemeinde, aus der Zukunftswerkstatt werden Sie hier \u00fcber die Arbeiten und Beschl\u00fcsse des Presbyteriums zur Weiterentwicklung unserer Gemeinde informiert. Wir planen auch einen Newsletter, damit Sie per e-Mail direkt <a class=\"more-link\" href=\"https:\/\/www.evkirche-roesrath.de\/index.php\/2024\/03\/25\/ergebnisse-der-zukunftswerkstatt-vom-23-03\/\">weiterlesen \u2192<\/a><\/p>\n","protected":false},"author":3,"featured_media":0,"parent":0,"menu_order":0,"comment_status":"open","ping_status":"closed","template":"","meta":{"ngg_post_thumbnail":0,"footnotes":""},"class_list":["post-23918","page","type-page","status-publish","hentry"],"_links":{"self":[{"href":"https:\/\/www.evkirche-roesrath.de\/index.php\/wp-json\/wp\/v2\/pages\/23918","targetHints":{"allow":["GET"]}}],"collection":[{"href":"https:\/\/www.evkirche-roesrath.de\/index.php\/wp-json\/wp\/v2\/pages"}],"about":[{"href":"https:\/\/www.evkirche-roesrath.de\/index.php\/wp-json\/wp\/v2\/types\/page"}],"author":[{"embeddable":true,"href":"https:\/\/www.evkirche-roesrath.de\/index.php\/wp-json\/wp\/v2\/users\/3"}],"replies":[{"embeddable":true,"href":"https:\/\/www.evkirche-roesrath.de\/index.php\/wp-json\/wp\/v2\/comments?post=23918"}],"version-history":[{"count":0,"href":"https:\/\/www.evkirche-roesrath.de\/index.php\/wp-json\/wp\/v2\/pages\/23918\/revisions"}],"wp:attachment":[{"href":"https:\/\/www.evkirche-roesrath.de\/index.php\/wp-json\/wp\/v2\/media?parent=23918"}],"curies":[{"name":"wp","href":"https:\/\/api.w.org\/{rel}","templated":true}]}}