{"id":21155,"date":"2021-01-15T21:10:36","date_gmt":"2021-01-15T20:10:36","guid":{"rendered":"http:\/\/www.evkirche-roesrath.de\/?page_id=21155"},"modified":"2023-02-14T12:00:11","modified_gmt":"2023-02-14T11:00:11","slug":"internet-team","status":"publish","type":"page","link":"https:\/\/www.evkirche-roesrath.de\/index.php\/ueber-uns\/ansprechpartner\/internet-team\/","title":{"rendered":"Internet-Team"},"content":{"rendered":"<p>Neben dem Ausschuss f\u00fcr \u00d6ffentlichkeitsarbeit (<a href=\"https:\/\/www.evkirche-roesrath.de\/index.php\/ueber-uns\/gemeindebriefe\/\" target=\"_blank\" rel=\"noopener noreferrer\">Gemeindebriefe<\/a>) wurde im Sommer 2020 eine Arbeitsgruppe f\u00fcr digitale \u00d6ffentlichkeitsarbeit gegr\u00fcndet. Ziel ist die Internetpr\u00e4senz unserer Gemeinde auch auf den digitalen Plattformen zu erweitern.<\/p>\n<p>Ansprechpartner f\u00fcr unsere Homepage, deren Webseiten, Beitr\u00e4ge u. Kontaktformulare:<br \/>\n<a href=\"mailto:Ulrich.Krause@ekir.de\">Ulrich Krause<\/a><\/p>\n<p>Ansprechpartner f\u00fcr Inhalte aus unserer Gemeinde auf unserem <a href=\"https:\/\/www.youtube.com\/channel\/UChJnh2pRs0aJk9Czo2v0uUQ\/videos\" target=\"_blank\" rel=\"noopener noreferrer\">YouTube-Kanal<\/a>:<br \/>\n<a href=\"mailto:thomas.kloeber@ekir.de\">Thomas Kl\u00f6ber<\/a><\/p>\n<p>Ansprechpartner f\u00fcr die Registrierung des Gemeindebriefes per E-Mail auf <a href=\"http:\/\/bit.ly\/roesrath\" target=\"_blank\" rel=\"noopener noreferrer\">Mailchimp.com<\/a>:<br \/>\n<a href=\"mailto:evkircheroesrath@gmail.com\">Ulrich Krause<\/a><\/p>\n<p>Ansprechpartner und Koordinator f\u00fcr digitale \u00d6ffentlichkeitsarbeit:<br \/>\nPresbyter <a href=\"mailto:thomas.kloeber@ekir.de\">Thomas Kl\u00f6ber<\/a><\/p>\n ","protected":false},"excerpt":{"rendered":"<p>Neben dem Ausschuss f\u00fcr \u00d6ffentlichkeitsarbeit (Gemeindebriefe) wurde im Sommer 2020 eine Arbeitsgruppe f\u00fcr digitale \u00d6ffentlichkeitsarbeit gegr\u00fcndet. Ziel ist die Internetpr\u00e4senz unserer Gemeinde auch auf den digitalen Plattformen zu erweitern. Ansprechpartner <a class=\"more-link\" href=\"https:\/\/www.evkirche-roesrath.de\/index.php\/ueber-uns\/ansprechpartner\/internet-team\/\">weiterlesen \u2192<\/a><\/p>\n","protected":false},"author":3,"featured_media":0,"parent":12154,"menu_order":5,"comment_status":"closed","ping_status":"closed","template":"","meta":{"ngg_post_thumbnail":0,"footnotes":""},"class_list":["post-21155","page","type-page","status-publish","hentry"],"_links":{"self":[{"href":"https:\/\/www.evkirche-roesrath.de\/index.php\/wp-json\/wp\/v2\/pages\/21155","targetHints":{"allow":["GET"]}}],"collection":[{"href":"https:\/\/www.evkirche-roesrath.de\/index.php\/wp-json\/wp\/v2\/pages"}],"about":[{"href":"https:\/\/www.evkirche-roesrath.de\/index.php\/wp-json\/wp\/v2\/types\/page"}],"author":[{"embeddable":true,"href":"https:\/\/www.evkirche-roesrath.de\/index.php\/wp-json\/wp\/v2\/users\/3"}],"replies":[{"embeddable":true,"href":"https:\/\/www.evkirche-roesrath.de\/index.php\/wp-json\/wp\/v2\/comments?post=21155"}],"version-history":[{"count":0,"href":"https:\/\/www.evkirche-roesrath.de\/index.php\/wp-json\/wp\/v2\/pages\/21155\/revisions"}],"up":[{"embeddable":true,"href":"https:\/\/www.evkirche-roesrath.de\/index.php\/wp-json\/wp\/v2\/pages\/12154"}],"wp:attachment":[{"href":"https:\/\/www.evkirche-roesrath.de\/index.php\/wp-json\/wp\/v2\/media?parent=21155"}],"curies":[{"name":"wp","href":"https:\/\/api.w.org\/{rel}","templated":true}]}}

<p>Neben dem Ausschuss für Öffentlichkeitsarbeit (<a href="https://www.evkirche-roesrath.de/index.php/ueber-uns/gemeindebriefe/" target="_blank" rel="noopener noreferrer">Gemeindebriefe</a>) wurde im Sommer 2020 eine Arbeitsgruppe für digitale Öffentlichkeitsarbeit gegründet. Ziel ist die Internetpräsenz unserer Gemeinde auch auf den digitalen Plattformen zu erweitern.</p>
<p>Ansprechpartner für unsere Homepage, deren Webseiten, Beiträge u. Kontaktformulare:<br />
<a href="mailto:Ulrich.Krause@ekir.de">Ulrich Krause</a></p>
<p>Ansprechpartner für Inhalte aus unserer Gemeinde auf unserem <a href="https://www.youtube.com/channel/UChJnh2pRs0aJk9Czo2v0uUQ/videos" target="_blank" rel="noopener noreferrer">YouTube-Kanal</a>:<br />
<a href="mailto:thomas.kloeber@ekir.de">Thomas Klöber</a></p>
<p>Ansprechpartner für die Registrierung des Gemeindebriefes per E-Mail auf <a href="http://bit.ly/roesrath" target="_blank" rel="noopener noreferrer">Mailchimp.com</a>:<br />
<a href="mailto:evkircheroesrath@gmail.com">Ulrich Krause</a></p>
<p>Ansprechpartner und Koordinator für digitale Öffentlichkeitsarbeit:<br />
Presbyter <a href="mailto:thomas.kloeber@ekir.de">Thomas Klöber</a></p>

<p>Neben dem Ausschuss für Öffentlichkeitsarbeit (Gemeindebriefe) wurde im Sommer 2020 eine Arbeitsgruppe für digitale Öffentlichkeitsarbeit gegründet. Ziel ist die Internetpräsenz unserer Gemeinde auch auf den digitalen Plattformen zu erweitern. Ansprechpartner <a class="more-link" href="https://www.evkirche-roesrath.de/index.php/ueber-uns/ansprechpartner/internet-team/">weiterlesen →</a></p>
