{"id":17084,"date":"2018-10-17T17:04:35","date_gmt":"2018-10-17T15:04:35","guid":{"rendered":"http:\/\/www.evkirche-roesrath.de\/?page_id=17084"},"modified":"2026-05-11T18:08:02","modified_gmt":"2026-05-11T16:08:02","slug":"startseite","status":"publish","type":"page","link":"https:\/\/www.evkirche-roesrath.de\/","title":{"rendered":""},"content":{"rendered":"  <div class=\"otw_gm_content\" id=\"otw_grid_manager_content_17084\"><div id=\"otw_grid_manager_content_17084_row_0\" class=\"otw-row\"><div class=\"otw-twentyfour otw-columns end\"><div class=\"otw-widget-text\"><div class=\"text-content\"><h1>Herzlich willkommen<\/h1><br \/>\n<p style=\"text-align: justify;\">hei\u00dfen wir Sie im Namen des Presbyteriums der Evangelischen Gemeinde Volberg-Forsbach-R\u00f6srath auf unserer Homepage. Unsere Gemeinde besteht seit dem Jahr 1562 und geh\u00f6rt in direkter Nachbarschaft zu K\u00f6ln zu den \u00e4ltesten evangelischen Kirchengemeinden im Rheinland \u2013 darauf sind wir stolz und Sie k\u00f6nnen unter <a href=\"https:\/\/evkirche-roesrath.de\/index.php\/ueber-uns\/geschichte-unserer-gemeinde\/\">\u201eGeschichte der Kirchengemeinde\u201c<\/a>\u00a0einiges hier\u00fcber erfahren. Wir leben aus dieser Geschichte, aber nicht r\u00fcckw\u00e4rts gewandt, sondern in die Zukunft schauend. <\/strong><small><a href=\"http:\/\/www.evkirche-roesrath.de\/index.php\/ueber-uns\/\">weiterlesen....<\/a><\/small><\/p><br \/>\n<br \/>\n<br \/>\n<hr \/><\/div><\/div><\/div><\/div><div id=\"otw_grid_manager_content_17084_row_1\" class=\"otw-row\"><div class=\"otw-twelve otw-columns\"><div class=\"otw-sc-box\"><div><img src=\"https:\/\/www.evkirche-roesrath.de\/wp-content\/uploads\/2025\/11\/Jahreslosung_2026.jpg\" alt=\"\" \/><\/div><\/div><\/div><div class=\"otw-twelve otw-columns end\"><div class=\"otw-sc-box\"><div><img src=\"https:\/\/www.evkirche-roesrath.de\/wp-content\/uploads\/2026\/04\/Mai.jpg\" \/><br \/>\n<\/div><\/div><\/div><\/div><div id=\"otw_grid_manager_content_17084_row_2\" class=\"otw-row\"><div class=\"otw-twentyfour otw-columns end\"><div class=\"otw-sc-box\"><div><h1>Aktuelles und besondere Veranstaltungen<\/h1><br \/>\n<small><a href=\"http:\/\/www.evkirche-roesrath.de\/index.php\/ueber-uns\/archiv\/\">weitere Beitr\u00e4ge finden Sie im Archiv ...<\/a><\/small><br><br \/>\n<br \/>\n<marquee direction=\"left\"><h2>Freitag, 15.05.2026 ist das Gemeindeb\u00fcro geschlossen!<\/h2><\/marquee><\/div><\/div><div class=\"otw-row\"><div class=\"otw-eight otw-columns\"><article class=\"otw-sc-blog-post\"><h3 class=\"post-title\"><a href=\"https:\/\/www.evkirche-roesrath.de\/index.php\/2026\/05\/11\/bibel-teilen\/\" title=\"Bibel teilen!\">Bibel teilen!<\/a><\/h3><a class=\"animate-on-hover\" href=\"https:\/\/www.evkirche-roesrath.de\/index.php\/2026\/05\/11\/bibel-teilen\/\" title=\"\"><div class=\"image-shadow-overlay\"><div class=\"image\"><img src=\"https:\/\/www.evkirche-roesrath.de\/wp-content\/uploads\/otwcm\/tmb\/093_3501_SW-e1586594284246_1746788870_300X140_c_c_1_FFFFFF.jpg\" alt=\"\"><span class=\"shadow-overlay hide-for-small\"> <\/span><\/div><\/div><\/a><div class=\"text\"><p>Sprachlosigkeit des Glaubens \u00fcberwinden. Aus diesem Grund l\u00e4dt Pfarrer i. R. Wehmeier ein zum Bibelteilen.\r\n\r\nWir suchen gemeinsam bekannte und unbekannte<\/p><\/div><div class=\"post-more\"><span class=\"read-more\"><a href=\"https:\/\/www.evkirche-roesrath.de\/index.php\/2026\/05\/11\/bibel-teilen\/\" title=\"Read more\">Read more<\/a><\/span><\/div><\/article><\/div><div class=\"otw-eight otw-columns\"><article class=\"otw-sc-blog-post\"><h3 class=\"post-title\"><a href=\"https:\/\/www.evkirche-roesrath.de\/index.php\/2026\/05\/11\/gospel-jazz-night\/\" title=\"Gospel-Jazz-Night\">Gospel-Jazz-Night<\/a><\/h3><a class=\"animate-on-hover\" href=\"https:\/\/www.evkirche-roesrath.de\/index.php\/2026\/05\/11\/gospel-jazz-night\/\" title=\"\"><div class=\"image-shadow-overlay\"><div class=\"image\"><img src=\"https:\/\/www.evkirche-roesrath.de\/wp-content\/uploads\/otwcm\/tmb\/GospelJazzNightKlein_1778494743_300X140_c_c_1_FFFFFF.png\" alt=\"\"><span class=\"shadow-overlay hide-for-small\"> <\/span><\/div><\/div><\/a><div class=\"text\"><p>Herzliche Einladung zur Gospel-Jazz-Night\r\nam Samstag, 30.Mai, 19:00 Uhr - 22:00 Uhr in der Vers\u00f6hnungskirche R\u00f6srath.\r\n\r\nMit\r\n\r\n  Gospelchor Jubilate Singers Lindlar\r\n<\/p><\/div><div class=\"post-more\"><span class=\"read-more\"><a href=\"https:\/\/www.evkirche-roesrath.de\/index.php\/2026\/05\/11\/gospel-jazz-night\/\" title=\"Read more\">Read more<\/a><\/span><\/div><\/article><\/div><div class=\"otw-eight otw-columns end\"><article class=\"otw-sc-blog-post\"><h3 class=\"post-title\"><a href=\"https:\/\/www.evkirche-roesrath.de\/index.php\/2026\/04\/17\/gottesdienst-im-gruenen-14-05\/\" title=\"Gottesdienst im Gr\u00fcnen, 14.05.\">Gottesdienst im Gr\u00fcnen, 14.05.<\/a><\/h3><a class=\"animate-on-hover\" href=\"https:\/\/www.evkirche-roesrath.de\/index.php\/2026\/04\/17\/gottesdienst-im-gruenen-14-05\/\" title=\"\"><div class=\"image-shadow-overlay\"><div class=\"image\"><img src=\"https:\/\/www.evkirche-roesrath.de\/wp-content\/uploads\/otwcm\/tmb\/Godi-Franziska-Schacht_1746789168_300X140_c_c_1_FFFFFF.jpg\" alt=\"\"><span class=\"shadow-overlay hide-for-small\"> <\/span><\/div><\/div><\/a><div class=\"text\"><p>Auf Grund des schlechten Wetters findet der Gottesdienst um 11 Uhr in der Volberger Kirche statt.\r\nDas gemeinsame Mittagessen gibt es<\/p><\/div><div class=\"post-more\"><span class=\"read-more\"><a href=\"https:\/\/www.evkirche-roesrath.de\/index.php\/2026\/04\/17\/gottesdienst-im-gruenen-14-05\/\" title=\"Read more\">Read more<\/a><\/span><\/div><\/article><\/div><\/div><div class=\"otw-row\"><div class=\"otw-eight otw-columns\"><article class=\"otw-sc-blog-post\"><h3 class=\"post-title\"><a href=\"https:\/\/www.evkirche-roesrath.de\/index.php\/2026\/03\/28\/andacht-plus-x\/\" title=\"Friedensandacht Plus X\">Friedensandacht Plus X<\/a><\/h3><a class=\"animate-on-hover\" href=\"https:\/\/www.evkirche-roesrath.de\/index.php\/2026\/03\/28\/andacht-plus-x\/\" title=\"\"><div class=\"image-shadow-overlay\"><div class=\"image\"><img src=\"https:\/\/www.evkirche-roesrath.de\/wp-content\/uploads\/otwcm\/tmb\/AndachtPlusX-scaled_1746789169_300X140_c_c_1_FFFFFF.jpg\" alt=\"\"><span class=\"shadow-overlay hide-for-small\"> <\/span><\/div><\/div><\/a><div class=\"text\"><p>An jedem ersten Freitag im Monat findet in der Christus-Kirche in Forsbach im Anschluss an die Friedensandacht ein \"Plus X\"<\/p><\/div><div class=\"post-more\"><span class=\"read-more\"><a href=\"https:\/\/www.evkirche-roesrath.de\/index.php\/2026\/03\/28\/andacht-plus-x\/\" title=\"Read more\">Read more<\/a><\/span><\/div><\/article><\/div><div class=\"otw-eight otw-columns\"><article class=\"otw-sc-blog-post\"><h3 class=\"post-title\"><a href=\"https:\/\/www.evkirche-roesrath.de\/index.php\/2026\/02\/19\/gemeindbriefaustraegerinnen-gesucht\/\" title=\"Gemeindbriefaustr\u00e4ger:innen gesucht!\">Gemeindbriefaustr\u00e4ger:innen gesucht!<\/a><\/h3><a class=\"animate-on-hover\" href=\"https:\/\/www.evkirche-roesrath.de\/index.php\/2026\/02\/19\/gemeindbriefaustraegerinnen-gesucht\/\" title=\"\"><div class=\"image-shadow-overlay\"><div class=\"image\"><img src=\"https:\/\/www.evkirche-roesrath.de\/wp-content\/uploads\/otwcm\/tmb\/Gemeindebrief_Mail-1_1746788919_300X140_c_c_1_FFFFFF.png\" alt=\"\"><span class=\"shadow-overlay hide-for-small\"> <\/span><\/div><\/div><\/a><div class=\"text\"><p>Austr\u00e4ger\/innen f\u00fcr Gemeindebriefe gesucht!\r\n\r\nF\u00fcr folgende Stra\u00dfen suchen wir Gemeindeglieder, die bereit sind, viermal im Jahr Gemeindebriefe auszutragen:\r\n\r\nR\u00f6srath\r\nMenzlingen\r\nMenzlinger Weg\r\nBitze\r\nHauptstra\u00dfe 1-24\r\nKissel\r\nPannensiefen\r\nS\u00fclztalplatz\r\n\r\nForsbach\r\nIm Wielp\u00fctzfeld\r\nZur<\/p><\/div><div class=\"post-more\"><span class=\"read-more\"><a href=\"https:\/\/www.evkirche-roesrath.de\/index.php\/2026\/02\/19\/gemeindbriefaustraegerinnen-gesucht\/\" title=\"Read more\">Read more<\/a><\/span><\/div><\/article><\/div><div class=\"otw-eight otw-columns end\"><article class=\"otw-sc-blog-post\"><h3 class=\"post-title\"><a href=\"https:\/\/www.evkirche-roesrath.de\/index.php\/2026\/02\/04\/oekumenisches-hagios-friedensgebet\/\" title=\"\u00d6kumenisches HAGIOS Friedensgebet\">\u00d6kumenisches HAGIOS Friedensgebet<\/a><\/h3><a class=\"animate-on-hover\" href=\"https:\/\/www.evkirche-roesrath.de\/index.php\/2026\/02\/04\/oekumenisches-hagios-friedensgebet\/\" title=\"\"><div class=\"image-shadow-overlay\"><div class=\"image\"><img src=\"https:\/\/www.evkirche-roesrath.de\/wp-content\/uploads\/otwcm\/tmb\/Hagios2_1770212880_300X140_c_c_1_FFFFFF.png\" alt=\"\"><span class=\"shadow-overlay hide-for-small\"> <\/span><\/div><\/div><\/a><div class=\"text\"><p>Herzliche Einladung zum HAGIOS-Singen!\r\n\r\nInnehalten, Mitsingen und Kraft sch\u00f6pfen.\r\nF\u00fcr mehr Frieden in uns und in der Welt.\r\nF\u00fcr alle, die Frieden und<\/p><\/div><div class=\"post-more\"><span class=\"read-more\"><a href=\"https:\/\/www.evkirche-roesrath.de\/index.php\/2026\/02\/04\/oekumenisches-hagios-friedensgebet\/\" title=\"Read more\">Read more<\/a><\/span><\/div><\/article><\/div><\/div><div class=\"otw-row\"><div class=\"otw-eight otw-columns\"><article class=\"otw-sc-blog-post\"><h3 class=\"post-title\"><a href=\"https:\/\/www.evkirche-roesrath.de\/index.php\/2025\/12\/30\/kerzenreste-fuer-die-ukraine\/\" title=\"Kerzenreste f\u00fcr die Ukraine\">Kerzenreste f\u00fcr die Ukraine<\/a><\/h3><a class=\"animate-on-hover\" href=\"https:\/\/www.evkirche-roesrath.de\/index.php\/2025\/12\/30\/kerzenreste-fuer-die-ukraine\/\" title=\"\"><div class=\"image-shadow-overlay\"><div class=\"image\"><img src=\"https:\/\/www.evkirche-roesrath.de\/wp-content\/uploads\/otwcm\/tmb\/Bildschirmfoto-2024-01-16-um-08.50.34-e1705392038615_1746789100_300X140_c_c_1_FFFFFF.png\" alt=\"\"><span class=\"shadow-overlay hide-for-small\"> <\/span><\/div><\/div><\/a><div class=\"text\"><p>Wir sammeln wieder Kerzenreste f\u00fcr die Ukraine.\r\n\r\nVon den Kerzenresten werden in der Ukraine neue Kerzen hergestellt, mit denen sich z.B.<\/p><\/div><div class=\"post-more\"><span class=\"read-more\"><a href=\"https:\/\/www.evkirche-roesrath.de\/index.php\/2025\/12\/30\/kerzenreste-fuer-die-ukraine\/\" title=\"Read more\">Read more<\/a><\/span><\/div><\/article><\/div><div class=\"otw-eight otw-columns end\"><article class=\"otw-sc-blog-post\"><h3 class=\"post-title\"><a href=\"https:\/\/www.evkirche-roesrath.de\/index.php\/2022\/12\/24\/video-gottesdienste\/\" title=\"Live-Streams\">Live-Streams<\/a><\/h3><a class=\"animate-on-hover\" href=\"https:\/\/www.evkirche-roesrath.de\/index.php\/2022\/12\/24\/video-gottesdienste\/\" title=\"\"><div class=\"image-shadow-overlay\"><div class=\"image\"><img src=\"https:\/\/www.evkirche-roesrath.de\/wp-content\/uploads\/otwcm\/tmb\/Video_GoDi_1746788922_300X140_c_c_1_FFFFFF.png\" alt=\"\"><span class=\"shadow-overlay hide-for-small\"> <\/span><\/div><\/div><\/a><div class=\"text\"><p>\r\nWir suchen noch Unterst\u00fctzung f\u00fcr das Streamen der Gottesdienste. Wenn sie Lust und Interesse haben, melden sie sich gerne per<\/p><\/div><div class=\"post-more\"><span class=\"read-more\"><a href=\"https:\/\/www.evkirche-roesrath.de\/index.php\/2022\/12\/24\/video-gottesdienste\/\" title=\"Read more\">Read more<\/a><\/span><\/div><\/article><\/div><\/div><\/div><\/div><div id=\"otw_grid_manager_content_17084_row_3\" class=\"otw-row\"><div class=\"otw-twentyfour otw-columns end\"><div class=\"otw-widget-text\"><div class=\"text-content\"><h1>Gottesdienste, Veranstaltungen und Einrichtungen<\/h1><\/div><\/div><\/div><\/div><div id=\"otw_grid_manager_content_17084_row_4\" class=\"otw-row\"><div class=\"otw-eight otw-columns\"><div class=\"otw-sc-box\"><div><a href=\"http:\/\/www.evkirche-roesrath.de\/index.php\/godi_churchdesk\/\"><img src=\"https:\/\/evkirche-roesrath.de\/wp-content\/uploads\/2017\/08\/gottesdienst.jpg\" alt=\"\" align=\"left\" width=\"100%\"><\/a><br \/>\n<h2>Gottesdienst<\/h2>Sie m\u00f6chten unsere Gottesdienste besuchen? Alle Informationen zu Terminen, Uhrzeiten und besonderen Gottesdiensten sowie alle Adressen finden Sie hier.<br \/>\n<span class=\"copyright\">\u00a9 Foto: bierbass.art<\/span><\/div><\/div><div class=\"otw-sc-box\"><div><p><a href=\"https:\/\/evkirche-roesrath.de\/index.php\/einrichtungen-unserer-gemeinde\/taufe\/\"><img src=\"https:\/\/evkirche-roesrath.de\/wp-content\/uploads\/2017\/08\/taufe.jpg\" alt=\"\" width=\"100%\" align=\"left\" \/><\/a><\/p><h2>Taufen<\/h2><p>Sie m\u00f6chten Ihr Kind taufen lassen? Dar\u00fcber freuen wir uns sehr und geben Ihnen gerne hier die wichtigsten Informationen, die Sie dazu ben\u00f6tigen.<br \/> <span class=\"copyright\">\u00a9 Foto: Antonio Gravante\/fotolia.com<br \/><\/span><\/p><\/div><\/div><div class=\"otw-sc-box\"><div><p><a href=\"http:\/\/www.evkirche-roesrath.de\/index.php\/event-directory\/\"><img src=\"https:\/\/evkirche-roesrath.de\/wp-content\/uploads\/2017\/08\/gruppen.jpg\" alt=\"\" width=\"100%\" align=\"left\" \/><\/a><\/p><h2>Veranstaltungen<\/h2><p>In diesem Kalender finden Sie unsere geplanten Veranstaltungen. Regelm\u00e4\u00dfige Veranstaltungen finden Sie unter Gruppen und in den Gemeindebriefen. <br \/><span class=\"copyright\">\u00a9 Grafik: Pfeffer, Ev. Gemeindebrief Archiv<\/span><\/p><\/div><\/div><\/div><div class=\"otw-eight otw-columns\"><div class=\"otw-sc-box\"><div><a href=\"https:\/\/www.evkirche-roesrath.de\/index.php\/zukunftswerkstatt\/\"><img src=\"https:\/\/www.evkirche-roesrath.de\/wp-content\/uploads\/2023\/06\/Zukunft_Logo_2.jpg\" alt=\"\" width=\"100%\" align=\"left\"><\/a><h2>Zukunftswerkstatt<\/h2>Hier stellen wir Ihnen Ergebnisse aus der Zukunftswerkstatt und zur Weiterentwicklung unserer Gemeindestruktur vor.<span class=\"copyright\"> Grafik: Gemeindebrief.de<\/span><\/div><\/div><div class=\"otw-sc-box\"><div><p><a href=\"https:\/\/evkirche-roesrath.de\/index.php\/musik\/konzert-kalender\/\"><img class=\"\" src=\"https:\/\/evkirche-roesrath.de\/wp-content\/uploads\/2017\/08\/11-1015-Engel-Volberg12-1.jpg\" alt=\"\" width=\"271\" height=\"271\" align=\"left\" \/><\/a><\/p><h2>Musik<\/h2><p>Kirchenmusik in der Evangelischen Gemeinde Volberg-Forsbach-R\u00f6srath hat eine lange Tradition. Hier haben wir Informationen f\u00fcr Sie zusammengestellt. <span class=\"copyright\">\u00a9 Foto: bierbass.art <\/span><\/p><\/div><\/div><div class=\"otw-sc-box\"><div><p><a href=\"https:\/\/evkirche-roesrath.de\/index.php\/gemeindeeinrichtungen\/die-diakoniesozialstation\/\"><img src=\"http:\/\/www.evkirche-roesrath.de\/wp-content\/uploads\/2017\/08\/Diakoniestation-004-Haus-web.jpg\" alt=\"\" width=\"100%\" align=\"left\" \/><\/a><\/p><h2>Diakonie - Sozialstation<\/h2><p>In der Stadt R\u00f6srath und deren Randgebieten hilft Ihnen das Team der Diakonie-Sozialstation R\u00f6srath! <br \/><span class=\"copyright\">\u00a9 Foto: J. Layer<\/span><\/p><\/div><\/div><\/div><div class=\"otw-eight otw-columns end\"><div class=\"otw-sc-box\"><div><p><a href=\"https:\/\/evkirche-roesrath.de\/index.php\/einrichtungen-unserer-gemeinde\/trauung\/\"><img src=\"https:\/\/evkirche-roesrath.de\/wp-content\/uploads\/2017\/08\/trauung.jpg\" alt=\"\" width=\"100%\" align=\"left\" \/><\/a><\/p><h2>Trauungen<\/h2><p>Sie m\u00f6chten in einer unserer drei Kirchen heiraten, die Feier Ihrer Hochzeit mit einem Gottesdienst beginnen und f\u00fcr Ihre Ehe Gottes Segen erbitten? <br \/><span class=\"copyright\">\u00a9 Foto: J. Layer<br \/><\/span><\/p><\/div><\/div><div class=\"otw-sc-box\"><div><a href=\"http:\/\/www.evkirche-roesrath.de\/index.php\/ueber-uns\/gemeindebriefe\/\"><img src=\"http:\/\/www.evkirche-roesrath.de\/wp-content\/uploads\/2020\/12\/20201216_Gemeindebriefe_Logo-1.png\" alt=\"\" width=\"100%\" align=\"left\"><\/a><h2>Gemeindebriefe<\/h2>Unsere Gemeindebriefe mit interessanten Schwerpunktthemen zu Kirche und Glauben, Informationen zu Konzerten und  Veranstaltungen aus der Gemeinde<span class=\"copyright\"> Grafik: Krause<\/span><\/div><\/div><div class=\"otw-sc-box\"><div><p><a href=\"http:\/\/www.evkirche-roesrath.de\/index.php\/gemeindeeinrichtungen\/kindertagesstaetten\/\"><img src=\"http:\/\/www.evkirche-roesrath.de\/wp-content\/uploads\/2021\/10\/Kita_Logo3.png\" alt=\"\" width=\"100%\" align=\"left\" \/><\/a><\/p><h2>Kindertagesst\u00e4tten<\/h2><p>Tr\u00e4ger der evangelischen Kindertagesst\u00e4tten Volberg in Hoffnungsthal und die KiTa \"Villa H\u00fcgel\" neben der Vers\u00f6hnungskirche. <\/p><\/div><\/div><\/div><\/div><\/div>","protected":false},"excerpt":{"rendered":"<p>Herzlich willkommen hei\u00dfen wir Sie im Namen des Presbyteriums der Evangelischen Gemeinde Volberg-Forsbach-R\u00f6srath auf unserer Homepage. Unsere Gemeinde besteht seit dem Jahr 1562 und geh\u00f6rt in direkter Nachbarschaft zu K\u00f6ln <a class=\"more-link\" href=\"https:\/\/www.evkirche-roesrath.de\/\">weiterlesen \u2192<\/a><\/p>\n","protected":false},"author":1,"featured_media":0,"parent":0,"menu_order":5,"comment_status":"closed","ping_status":"closed","template":"","meta":{"ngg_post_thumbnail":0,"footnotes":""},"class_list":["post-17084","page","type-page","status-publish","hentry"],"_links":{"self":[{"href":"https:\/\/www.evkirche-roesrath.de\/index.php\/wp-json\/wp\/v2\/pages\/17084","targetHints":{"allow":["GET"]}}],"collection":[{"href":"https:\/\/www.evkirche-roesrath.de\/index.php\/wp-json\/wp\/v2\/pages"}],"about":[{"href":"https:\/\/www.evkirche-roesrath.de\/index.php\/wp-json\/wp\/v2\/types\/page"}],"author":[{"embeddable":true,"href":"https:\/\/www.evkirche-roesrath.de\/index.php\/wp-json\/wp\/v2\/users\/1"}],"replies":[{"embeddable":true,"href":"https:\/\/www.evkirche-roesrath.de\/index.php\/wp-json\/wp\/v2\/comments?post=17084"}],"version-history":[{"count":2,"href":"https:\/\/www.evkirche-roesrath.de\/index.php\/wp-json\/wp\/v2\/pages\/17084\/revisions"}],"predecessor-version":[{"id":28270,"href":"https:\/\/www.evkirche-roesrath.de\/index.php\/wp-json\/wp\/v2\/pages\/17084\/revisions\/28270"}],"wp:attachment":[{"href":"https:\/\/www.evkirche-roesrath.de\/index.php\/wp-json\/wp\/v2\/media?parent=17084"}],"curies":[{"name":"wp","href":"https:\/\/api.w.org\/{rel}","templated":true}]}}