{"id":12808,"date":"2017-08-15T16:25:02","date_gmt":"2017-08-15T14:25:02","guid":{"rendered":"http:\/\/www.evkirche-roesrath.de\/?page_id=12808"},"modified":"2023-03-27T17:46:54","modified_gmt":"2023-03-27T15:46:54","slug":"unser-paedagogisches-team","status":"publish","type":"page","link":"https:\/\/www.evkirche-roesrath.de\/index.php\/gemeindeeinrichtungen\/kindertagesstaetten\/die-kita-volberg-mit-familienzentrum\/unser-paedagogisches-team\/","title":{"rendered":"Unser p\u00e4dagogisches Team"},"content":{"rendered":"<div id=\"allcontainer\">\n<div id=\"content\">\n<p><b>setzt sich aus Erzieherinnen und Kinderpflegerinnen zusammen.<br \/>\nDie Aufnahme der zweij\u00e4hrigen Kinder bewirkte nicht nur bauliche Ver\u00e4nderungen.<br \/>\nDas Team ist im dynamischen Prozess, das Konzept den neuen Anforderungen entsprechend weiter zu entwickeln.<br \/>\nDen Kinder wird Raum f\u00fcr ihre individuelle Entfaltung geboten. Erlebnis- und Erfahrungsimpulse setzen bei den altersspezifischen F\u00e4higkeiten und individuellen Bed\u00fcrfnissen der Kinder an.<\/b><\/p>\n<p>Jede Erzieherin, jeder Erzieher bringt eigene Schwerpunkte in Angeboten ein:<\/p>\n<ul>\n<li>Sprachentwicklung durch Gesang, Spiel und Spa\u00df<\/li>\n<li>freies Gestalten mit Farben und Formen<\/li>\n<li>Naturerfahrungen und \u00f6kologisches Bewusstsein<\/li>\n<li>Bewegung und Tanz<\/li>\n<li>Musik und Gesang<\/li>\n<\/ul>\n<p>Regelm\u00e4\u00dfig sammeln auch Praktikanten aus Haupt- und Realschulen, Gymnasium und Fachschulen f\u00fcr Sozialp\u00e4dagogik in unserer Einrichtung Erfahrungen.<\/p>\n<\/div>\n<\/div>\n ","protected":false},"excerpt":{"rendered":"<p>setzt sich aus Erzieherinnen und Kinderpflegerinnen zusammen. Die Aufnahme der zweij\u00e4hrigen Kinder bewirkte nicht nur bauliche Ver\u00e4nderungen. Das Team ist im dynamischen Prozess, das Konzept den neuen Anforderungen entsprechend weiter <a class=\"more-link\" href=\"https:\/\/www.evkirche-roesrath.de\/index.php\/gemeindeeinrichtungen\/kindertagesstaetten\/die-kita-volberg-mit-familienzentrum\/unser-paedagogisches-team\/\">weiterlesen \u2192<\/a><\/p>\n","protected":false},"author":2,"featured_media":0,"parent":12319,"menu_order":3,"comment_status":"closed","ping_status":"closed","template":"","meta":{"ngg_post_thumbnail":0,"footnotes":""},"class_list":["post-12808","page","type-page","status-publish","hentry"],"_links":{"self":[{"href":"https:\/\/www.evkirche-roesrath.de\/index.php\/wp-json\/wp\/v2\/pages\/12808","targetHints":{"allow":["GET"]}}],"collection":[{"href":"https:\/\/www.evkirche-roesrath.de\/index.php\/wp-json\/wp\/v2\/pages"}],"about":[{"href":"https:\/\/www.evkirche-roesrath.de\/index.php\/wp-json\/wp\/v2\/types\/page"}],"author":[{"embeddable":true,"href":"https:\/\/www.evkirche-roesrath.de\/index.php\/wp-json\/wp\/v2\/users\/2"}],"replies":[{"embeddable":true,"href":"https:\/\/www.evkirche-roesrath.de\/index.php\/wp-json\/wp\/v2\/comments?post=12808"}],"version-history":[{"count":0,"href":"https:\/\/www.evkirche-roesrath.de\/index.php\/wp-json\/wp\/v2\/pages\/12808\/revisions"}],"up":[{"embeddable":true,"href":"https:\/\/www.evkirche-roesrath.de\/index.php\/wp-json\/wp\/v2\/pages\/12319"}],"wp:attachment":[{"href":"https:\/\/www.evkirche-roesrath.de\/index.php\/wp-json\/wp\/v2\/media?parent=12808"}],"curies":[{"name":"wp","href":"https:\/\/api.w.org\/{rel}","templated":true}]}}