{"id":12796,"date":"2017-08-15T16:16:07","date_gmt":"2017-08-15T14:16:07","guid":{"rendered":"http:\/\/www.evkirche-roesrath.de\/?page_id=12796"},"modified":"2017-09-22T22:06:51","modified_gmt":"2017-09-22T20:06:51","slug":"gesundheitsfoerderung","status":"publish","type":"page","link":"https:\/\/www.evkirche-roesrath.de\/index.php\/gemeindeeinrichtungen\/kindertagesstaetten\/die-kita-volberg-mit-familienzentrum\/paedagogisches-konzept\/gesundheitsfoerderung\/","title":{"rendered":"Gesundheitsf\u00f6rderung"},"content":{"rendered":"<div id=\"allcontainer\">\n<div id=\"content\">\n<div class=\"beitrag_content\">\n<p><b>Bewegungsarmut und ungesunde Ern\u00e4hrung gef\u00e4hrden zunehmend die Gesundheit der Kinder. Wir wollen dieser Entwicklung durch aktives Leben entgegen wirken.<\/b><\/p>\n<p><img fetchpriority=\"high\" decoding=\"async\" src=\"https:\/\/evkirche-roesrath.de\/userfiles\/Wald.jpg\" alt=\"\" width=\"200\" height=\"267\" align=\"right\" border=\"1\" hspace=\"15\" vspace=\"5\" \/><\/p>\n<ul>\n<li>Ein gro\u00dfz\u00fcgiges Au\u00dfengel\u00e4nde und die N\u00e4he zum Wald bieten unseren Kindern viele nat\u00fcrliche Bewegungsanreize, die sie durch entsprechende Kleidung auch im Winter gut nutzen k\u00f6nnen.<\/li>\n<li>Im Gemeindesaal finden gruppenbezogen regelm\u00e4\u00dfige Bewegungsangebote statt.<\/li>\n<li>Tanz- und Singspiele flie\u00dfen jederzeit in die Arbeit mit den Kindern ein.<\/li>\n<\/ul>\n<p>In Zusammenarbeit mit der AOK f\u00fchren wir das  Projekt \u201eJolinchen&#8220; durch.<\/p>\n<\/div>\n<\/div>\n<\/div>\n ","protected":false},"excerpt":{"rendered":"<p>Bewegungsarmut und ungesunde Ern\u00e4hrung gef\u00e4hrden zunehmend die Gesundheit der Kinder. Wir wollen dieser Entwicklung durch aktives Leben entgegen wirken. Ein gro\u00dfz\u00fcgiges Au\u00dfengel\u00e4nde und die N\u00e4he zum Wald bieten unseren Kindern <a class=\"more-link\" href=\"https:\/\/www.evkirche-roesrath.de\/index.php\/gemeindeeinrichtungen\/kindertagesstaetten\/die-kita-volberg-mit-familienzentrum\/paedagogisches-konzept\/gesundheitsfoerderung\/\">weiterlesen \u2192<\/a><\/p>\n","protected":false},"author":2,"featured_media":0,"parent":12790,"menu_order":3,"comment_status":"closed","ping_status":"closed","template":"","meta":{"ngg_post_thumbnail":0,"footnotes":""},"class_list":["post-12796","page","type-page","status-publish","hentry"],"_links":{"self":[{"href":"https:\/\/www.evkirche-roesrath.de\/index.php\/wp-json\/wp\/v2\/pages\/12796","targetHints":{"allow":["GET"]}}],"collection":[{"href":"https:\/\/www.evkirche-roesrath.de\/index.php\/wp-json\/wp\/v2\/pages"}],"about":[{"href":"https:\/\/www.evkirche-roesrath.de\/index.php\/wp-json\/wp\/v2\/types\/page"}],"author":[{"embeddable":true,"href":"https:\/\/www.evkirche-roesrath.de\/index.php\/wp-json\/wp\/v2\/users\/2"}],"replies":[{"embeddable":true,"href":"https:\/\/www.evkirche-roesrath.de\/index.php\/wp-json\/wp\/v2\/comments?post=12796"}],"version-history":[{"count":0,"href":"https:\/\/www.evkirche-roesrath.de\/index.php\/wp-json\/wp\/v2\/pages\/12796\/revisions"}],"up":[{"embeddable":true,"href":"https:\/\/www.evkirche-roesrath.de\/index.php\/wp-json\/wp\/v2\/pages\/12790"}],"wp:attachment":[{"href":"https:\/\/www.evkirche-roesrath.de\/index.php\/wp-json\/wp\/v2\/media?parent=12796"}],"curies":[{"name":"wp","href":"https:\/\/api.w.org\/{rel}","templated":true}]}}

Gesundheitsförderung

<div id="allcontainer">
<div id="content">
<div class="beitrag_content">
<p><b>Bewegungsarmut und ungesunde Ernährung gefährden zunehmend die Gesundheit der Kinder. Wir wollen dieser Entwicklung durch aktives Leben entgegen wirken.</b></p>
<p><img fetchpriority="high" decoding="async" src="https://evkirche-roesrath.de/userfiles/Wald.jpg" alt="" width="200" height="267" align="right" border="1" hspace="15" vspace="5" /></p>
<ul>
<li>Ein großzügiges Außengelände und die Nähe zum Wald bieten unseren Kindern viele natürliche Bewegungsanreize, die sie durch entsprechende Kleidung auch im Winter gut nutzen können.</li>
<li>Im Gemeindesaal finden gruppenbezogen regelmäßige Bewegungsangebote statt.</li>
<li>Tanz- und Singspiele fließen jederzeit in die Arbeit mit den Kindern ein.</li>
</ul>
<p>In Zusammenarbeit mit der AOK führen wir das  Projekt „Jolinchen&#8220; durch.</p>
</div>
</div>
</div>

<p>Bewegungsarmut und ungesunde Ernährung gefährden zunehmend die Gesundheit der Kinder. Wir wollen dieser Entwicklung durch aktives Leben entgegen wirken. Ein großzügiges Außengelände und die Nähe zum Wald bieten unseren Kindern <a class="more-link" href="https://www.evkirche-roesrath.de/index.php/gemeindeeinrichtungen/kindertagesstaetten/die-kita-volberg-mit-familienzentrum/paedagogisches-konzept/gesundheitsfoerderung/">weiterlesen →</a></p>
