{"id":12672,"date":"2017-07-05T19:41:15","date_gmt":"2017-07-05T17:41:15","guid":{"rendered":"http:\/\/www.evkirche-roesrath.de\/?page_id=12672"},"modified":"2026-03-10T12:14:36","modified_gmt":"2026-03-10T11:14:36","slug":"stellenanzeige-diakonie","status":"publish","type":"page","link":"https:\/\/www.evkirche-roesrath.de\/index.php\/gemeindeeinrichtungen\/die-diakoniesozialstation\/stellenanzeige-diakonie\/","title":{"rendered":"Stellenanzeige Diakonie"},"content":{"rendered":"<h3>Helfende H\u00e4nde sind bei uns immer herzlich willkommen!<\/h3>\n<p>Wir suchen examinierte <strong>Altenpfleger*innen in Voll- und Teilzeit<\/strong>.<br \/>\nWir suchen zum n\u00e4chstm\u00f6glichen Zeitpunkt <b>dringend neue Mitarbeiter f\u00fcr unsere hauswirtschaftliche Abteilung <\/b><b>in Voll- und Teilzeit sowie auf Minijob-Basis. <\/b><\/p>\n<p>Interessenten melden sich bitte bei <b>Frau Nicole Mombauer<\/b><\/p>\n<p><b>Diakonie Sozialstation<br \/>\nz.H. Frau N. Mombauer<br \/>\nHauptstr. 204,<br \/>\n51503 R\u00f6srath<\/b><br \/>\nTel.: 02205\/ 9007717<br \/>\noder per Mail an: <a href=\"mailto:mombauer@diakonie-roesrath.de?subject=Bewerbung\"><b><u>mombauer@diakonie-roesrath.de<\/u><\/b><\/a>.<\/p>\n<p><strong>Wir freuen uns darauf, Sie kennen zu lernen!<\/strong><\/p>\n ","protected":false},"excerpt":{"rendered":"<p>Helfende H\u00e4nde sind bei uns immer herzlich willkommen! Wir suchen examinierte Altenpfleger*innen in Voll- und Teilzeit. Wir suchen zum n\u00e4chstm\u00f6glichen Zeitpunkt dringend neue Mitarbeiter f\u00fcr unsere hauswirtschaftliche Abteilung in Voll- <a class=\"more-link\" href=\"https:\/\/www.evkirche-roesrath.de\/index.php\/gemeindeeinrichtungen\/die-diakoniesozialstation\/stellenanzeige-diakonie\/\">weiterlesen \u2192<\/a><\/p>\n","protected":false},"author":2,"featured_media":0,"parent":12317,"menu_order":9,"comment_status":"closed","ping_status":"closed","template":"","meta":{"ngg_post_thumbnail":0,"footnotes":""},"class_list":["post-12672","page","type-page","status-publish","hentry"],"_links":{"self":[{"href":"https:\/\/www.evkirche-roesrath.de\/index.php\/wp-json\/wp\/v2\/pages\/12672","targetHints":{"allow":["GET"]}}],"collection":[{"href":"https:\/\/www.evkirche-roesrath.de\/index.php\/wp-json\/wp\/v2\/pages"}],"about":[{"href":"https:\/\/www.evkirche-roesrath.de\/index.php\/wp-json\/wp\/v2\/types\/page"}],"author":[{"embeddable":true,"href":"https:\/\/www.evkirche-roesrath.de\/index.php\/wp-json\/wp\/v2\/users\/2"}],"replies":[{"embeddable":true,"href":"https:\/\/www.evkirche-roesrath.de\/index.php\/wp-json\/wp\/v2\/comments?post=12672"}],"version-history":[{"count":2,"href":"https:\/\/www.evkirche-roesrath.de\/index.php\/wp-json\/wp\/v2\/pages\/12672\/revisions"}],"predecessor-version":[{"id":28202,"href":"https:\/\/www.evkirche-roesrath.de\/index.php\/wp-json\/wp\/v2\/pages\/12672\/revisions\/28202"}],"up":[{"embeddable":true,"href":"https:\/\/www.evkirche-roesrath.de\/index.php\/wp-json\/wp\/v2\/pages\/12317"}],"wp:attachment":[{"href":"https:\/\/www.evkirche-roesrath.de\/index.php\/wp-json\/wp\/v2\/media?parent=12672"}],"curies":[{"name":"wp","href":"https:\/\/api.w.org\/{rel}","templated":true}]}}