{"id":12666,"date":"2017-07-05T19:37:56","date_gmt":"2017-07-05T17:37:56","guid":{"rendered":"http:\/\/www.evkirche-roesrath.de\/?page_id=12666"},"modified":"2026-03-10T12:12:13","modified_gmt":"2026-03-10T11:12:13","slug":"die-demenz-wg-forsbacher-hof","status":"publish","type":"page","link":"https:\/\/www.evkirche-roesrath.de\/index.php\/gemeindeeinrichtungen\/die-diakoniesozialstation\/die-demenz-wg-forsbacher-hof\/","title":{"rendered":"Ambulant betreute Wohngemeinschaft f\u00fcr Demenzerkrankte \u201eForsbacher Hof\u201c"},"content":{"rendered":"<h3>und die Diakonie-Sozialstation R\u00f6srath<\/h3>\n<ul>\n<li>Daheim f\u00fchlen in neuer Umgebung.\n<p><div id=\"attachment_14984\" style=\"width: 310px\" class=\"wp-caption alignright\"><img fetchpriority=\"high\" decoding=\"async\" aria-describedby=\"caption-attachment-14984\" class=\"wp-image-14984 size-medium\" src=\"https:\/\/www.evkirche-roesrath.de\/wp-content\/uploads\/2017\/11\/P9250040-c-Freigabe-Stockem-Bild-Stockem-300x225.jpg\" alt=\"Bild: Mombauer\" width=\"300\" height=\"225\" srcset=\"https:\/\/www.evkirche-roesrath.de\/wp-content\/uploads\/2017\/11\/P9250040-c-Freigabe-Stockem-Bild-Stockem-300x225.jpg 300w, https:\/\/www.evkirche-roesrath.de\/wp-content\/uploads\/2017\/11\/P9250040-c-Freigabe-Stockem-Bild-Stockem-768x577.jpg 768w, https:\/\/www.evkirche-roesrath.de\/wp-content\/uploads\/2017\/11\/P9250040-c-Freigabe-Stockem-Bild-Stockem.jpg 927w\" sizes=\"(max-width: 300px) 100vw, 300px\" \/><p id=\"caption-attachment-14984\" class=\"wp-caption-text\">Foto: Mombauer<\/p><\/div><\/li>\n<li>In der eigenen Wohnung leben, auch wenn man nicht mehr alleine bleiben kann.<\/li>\n<li>Eine intensive Pflege und F\u00fcrsorge erhalten, ohne dabei die Angeh\u00f6rigen zu \u00fcberfordern.<\/li>\n<\/ul>\n<p>Das ist durchaus m\u00f6glich.<\/p>\n<p>2013 hat die Diakonie-Sozialstation R\u00f6srath in Zusammenarbeit mit dem Tr\u00e4gerverein \u201eWohnen in R\u00f6srath\u201c (WiR) ein Wohnprojekt realisiert, das eine Alternative zu Pflegeheim und h\u00e4uslicher Pflege anbietet: Die erste ambulant betreute Wohngruppe f\u00fcr Menschen mit Demenz in R\u00f6srath.<\/p>\n<p><strong>Sicher und geborgen sein.<\/strong><\/p>\n<p>In der Wohngemeinschaft sollen die Bewohner so eigenst\u00e4ndig wie m\u00f6glich leben und zugleich jederzeit Hilfe in Anspruch nehmen k\u00f6nnen.<br \/>\nDaf\u00fcr steht den acht WG-Mitgliedern rund um die Uhr und mit viel Herzblut ein Pflegeteam der Diakonie-Sozialstation zur Seite.<\/p>\n<div id=\"attachment_15106\" style=\"width: 310px\" class=\"wp-caption alignleft\"><img decoding=\"async\" aria-describedby=\"caption-attachment-15106\" class=\"size-medium wp-image-15106\" src=\"https:\/\/www.evkirche-roesrath.de\/wp-content\/uploads\/2017\/11\/IMG_4881-2017-b-300x200.jpg\" alt=\"\" width=\"300\" height=\"200\" srcset=\"https:\/\/www.evkirche-roesrath.de\/wp-content\/uploads\/2017\/11\/IMG_4881-2017-b-300x200.jpg 300w, https:\/\/www.evkirche-roesrath.de\/wp-content\/uploads\/2017\/11\/IMG_4881-2017-b-768x512.jpg 768w, https:\/\/www.evkirche-roesrath.de\/wp-content\/uploads\/2017\/11\/IMG_4881-2017-b-690x462.jpg 690w, https:\/\/www.evkirche-roesrath.de\/wp-content\/uploads\/2017\/11\/IMG_4881-2017-b-390x261.jpg 390w, https:\/\/www.evkirche-roesrath.de\/wp-content\/uploads\/2017\/11\/IMG_4881-2017-b.jpg 810w\" sizes=\"(max-width: 300px) 100vw, 300px\" \/><p id=\"caption-attachment-15106\" class=\"wp-caption-text\">Foto:Mombauer<\/p><\/div>\n<p>Zwei Betreuungspersonen am Tag und eine in der Nacht sind st\u00e4ndig vor Ort und sorgen f\u00fcr die n\u00f6tige Sicherheit und Zuwendung, die die Menschen brauchen. F\u00fcr Pfleget\u00e4tigkeiten, Arztbesuche und andere Termine kommen weitere Kr\u00e4fte hinzu.<\/p>\n<p>Und auch die Angeh\u00f6rigen der Bewohner spielen eine entscheidende Rolle bei diesem Wohnprojekt.<br \/>\nSie bringen sich \u2013 je nach ihren M\u00f6glichkeiten \u2013 in den WG-Alltag ein, pr\u00e4gen ihn durch gemeinsame Entscheidungen oder praktische Hilfen aktiv mit. So tragen sie nicht nur Verantwortung f\u00fcr ihre Familienmitglieder sondern nehmen auch weiterhin intensiv Anteil an ihrem Leben.<\/p>\n<p>Eingerichtet wurde die Wohngemeinschaft in den wundersch\u00f6n restaurierten Fachwerkgem\u00e4uern des Forsbacher Hofs im Ortszentrum von R\u00f6srath- Forsbach. Ein Ort mit Geschichte, an dem nun ganz unterschiedliche Lebensgeschichten zusammenkommen.<br \/>\nIm barrierefreien Erdgeschoss des historischen Geb\u00e4udes stehen den Bewohnern acht Einzelzimmer, drei B\u00e4der, ein gro\u00dfer Gemeinschaftsbereich mit K\u00fcche sowie eine Terrasse zur Verf\u00fcgung.<br \/>\nIhre \u201eeigenen vier W\u00e4nde\u201c k\u00f6nnen sich die Bewohner frei nach ihren W\u00fcnschen einrichten \u2013 mit privaten M\u00f6beln und Bildern, die das Eingew\u00f6hnen ins neue Zuhause erleichtern.<br \/>\nBei der Gestaltung der Gemeinschaftsr\u00e4ume stimmen sich die WG-Mitglieder ab.<\/p>\n<div id=\"attachment_15107\" style=\"width: 310px\" class=\"wp-caption alignleft\"><img decoding=\"async\" aria-describedby=\"caption-attachment-15107\" class=\"size-medium wp-image-15107\" src=\"https:\/\/www.evkirche-roesrath.de\/wp-content\/uploads\/2017\/11\/W51A4276-2017-b-300x200.jpg\" alt=\"\" width=\"300\" height=\"200\" srcset=\"https:\/\/www.evkirche-roesrath.de\/wp-content\/uploads\/2017\/11\/W51A4276-2017-b-300x200.jpg 300w, https:\/\/www.evkirche-roesrath.de\/wp-content\/uploads\/2017\/11\/W51A4276-2017-b-768x512.jpg 768w, https:\/\/www.evkirche-roesrath.de\/wp-content\/uploads\/2017\/11\/W51A4276-2017-b-690x462.jpg 690w, https:\/\/www.evkirche-roesrath.de\/wp-content\/uploads\/2017\/11\/W51A4276-2017-b-390x261.jpg 390w, https:\/\/www.evkirche-roesrath.de\/wp-content\/uploads\/2017\/11\/W51A4276-2017-b.jpg 810w\" sizes=\"(max-width: 300px) 100vw, 300px\" \/><p id=\"caption-attachment-15107\" class=\"wp-caption-text\">Foto:Mombauer<\/p><\/div>\n<p>Ein ausgewogenes Miteinander von festen gemeinsamen Aktivit\u00e4ten und individuellen Vorlieben bestimmen den Tagesablauf in der WG.<br \/>\nDas f\u00e4ngt schon bei den Mahlzeiten an. Mittag- und Abendessen werden gemeinsam eingenommen, die Fr\u00fchst\u00fcckszeit ist aber flexibel, so dass die Bewohner ihrem eigenen Schlafrhythmus folgen k\u00f6nnen.<\/p>\n<p>Jeder hilft im Haushalt, wie er kann. Zudem besteht ein breites Besch\u00e4ftigungsangebot, an dem man teilnehmen kann, aber nicht muss. Dabei wird an fr\u00fchere Interessen der Bewohner angekn\u00fcpft und der Erhalt ihrer individuellen kognitiven F\u00e4higkeiten gef\u00f6rdert.<\/p>\n<div id=\"attachment_15108\" style=\"width: 310px\" class=\"wp-caption alignright\"><img loading=\"lazy\" decoding=\"async\" aria-describedby=\"caption-attachment-15108\" class=\"size-medium wp-image-15108\" src=\"https:\/\/www.evkirche-roesrath.de\/wp-content\/uploads\/2017\/11\/W51A4397-2017-b-300x200.jpg\" alt=\"\" width=\"300\" height=\"200\" srcset=\"https:\/\/www.evkirche-roesrath.de\/wp-content\/uploads\/2017\/11\/W51A4397-2017-b-300x200.jpg 300w, https:\/\/www.evkirche-roesrath.de\/wp-content\/uploads\/2017\/11\/W51A4397-2017-b-768x512.jpg 768w, https:\/\/www.evkirche-roesrath.de\/wp-content\/uploads\/2017\/11\/W51A4397-2017-b-690x462.jpg 690w, https:\/\/www.evkirche-roesrath.de\/wp-content\/uploads\/2017\/11\/W51A4397-2017-b-390x261.jpg 390w, https:\/\/www.evkirche-roesrath.de\/wp-content\/uploads\/2017\/11\/W51A4397-2017-b.jpg 810w\" sizes=\"(max-width: 300px) 100vw, 300px\" \/><p id=\"caption-attachment-15108\" class=\"wp-caption-text\">Foto: Mombauer<\/p><\/div>\n<p>Ob zu besonderen Festen oder einfach nur so \u2013<\/p>\n<p>In der Gruppe wird zusammen gesungen, gebastelt, gespielt und gelacht. Das bringt Abwechslung in den Alltag und tut einfach gut.<\/p>\n<p>Eine von den Angeh\u00f6rigen gepflegte Au\u00dfenterrasse, Spazierg\u00e4nge mit ehrenamtlichen Helfern oder die Teilnahme an Ausfl\u00fcgen und regionalen Veranstaltungen laden nach Drau\u00dfen ein und lassen die Bewohner trotz ihrer Krankheit auch weiterhin aktiv am Leben teilhaben.<\/p>\n<p>&nbsp;<\/p>\n<p>&nbsp;<\/p>\n<p>F\u00fcr Ausk\u00fcnfte erreichen Sie <u><b><a href=\"mailto:info@diakonie-roesrath.de?subject=Demenz%20WG\">Frau Mombauer<\/a><\/b><\/u><b> in der Diakonie Sozialstation R\u00f6srath, Hauptstr. 204, Tel.: 02205\/ 9007717<\/b><\/p>\n ","protected":false},"excerpt":{"rendered":"<p>und die Diakonie-Sozialstation R\u00f6srath Daheim f\u00fchlen in neuer Umgebung. In der eigenen Wohnung leben, auch wenn man nicht mehr alleine bleiben kann. Eine intensive Pflege und F\u00fcrsorge erhalten, ohne dabei <a class=\"more-link\" href=\"https:\/\/www.evkirche-roesrath.de\/index.php\/gemeindeeinrichtungen\/die-diakoniesozialstation\/die-demenz-wg-forsbacher-hof\/\">weiterlesen \u2192<\/a><\/p>\n","protected":false},"author":2,"featured_media":0,"parent":12317,"menu_order":8,"comment_status":"closed","ping_status":"closed","template":"","meta":{"ngg_post_thumbnail":0,"footnotes":""},"class_list":["post-12666","page","type-page","status-publish","hentry"],"_links":{"self":[{"href":"https:\/\/www.evkirche-roesrath.de\/index.php\/wp-json\/wp\/v2\/pages\/12666","targetHints":{"allow":["GET"]}}],"collection":[{"href":"https:\/\/www.evkirche-roesrath.de\/index.php\/wp-json\/wp\/v2\/pages"}],"about":[{"href":"https:\/\/www.evkirche-roesrath.de\/index.php\/wp-json\/wp\/v2\/types\/page"}],"author":[{"embeddable":true,"href":"https:\/\/www.evkirche-roesrath.de\/index.php\/wp-json\/wp\/v2\/users\/2"}],"replies":[{"embeddable":true,"href":"https:\/\/www.evkirche-roesrath.de\/index.php\/wp-json\/wp\/v2\/comments?post=12666"}],"version-history":[{"count":2,"href":"https:\/\/www.evkirche-roesrath.de\/index.php\/wp-json\/wp\/v2\/pages\/12666\/revisions"}],"predecessor-version":[{"id":28200,"href":"https:\/\/www.evkirche-roesrath.de\/index.php\/wp-json\/wp\/v2\/pages\/12666\/revisions\/28200"}],"up":[{"embeddable":true,"href":"https:\/\/www.evkirche-roesrath.de\/index.php\/wp-json\/wp\/v2\/pages\/12317"}],"wp:attachment":[{"href":"https:\/\/www.evkirche-roesrath.de\/index.php\/wp-json\/wp\/v2\/media?parent=12666"}],"curies":[{"name":"wp","href":"https:\/\/api.w.org\/{rel}","templated":true}]}}