{"id":12651,"date":"2017-07-05T19:24:39","date_gmt":"2017-07-05T17:24:39","guid":{"rendered":"http:\/\/www.evkirche-roesrath.de\/?page_id=12651"},"modified":"2025-03-24T11:42:46","modified_gmt":"2025-03-24T10:42:46","slug":"mobiler-menueservice","status":"publish","type":"page","link":"https:\/\/www.evkirche-roesrath.de\/index.php\/gemeindeeinrichtungen\/die-diakoniesozialstation\/mobiler-menueservice\/","title":{"rendered":"Mobiler Men\u00fcservice"},"content":{"rendered":"<p>Die Diakonie-Sozialstation bietet einen t\u00e4glichen Men\u00fcservice an&#8230;<\/p>\n<p>Wir liefern Ihnen an 365 Tagen im Jahr t\u00e4glich warmes Essen oder einmal w\u00f6chentlich eine Kaltlieferung zum Selbstw\u00e4rmen.<\/p>\n<p><b>Auf Wunsch richten wir Ihr Essen zu Hause tellerfertig an.<\/b><\/p>\n<p><b><img fetchpriority=\"high\" decoding=\"async\" class=\"alignnone\" src=\"https:\/\/www.evkirche-roesrath.de\/wp-content\/uploads\/2018\/02\/P1210902-web.jpg\" alt=\"\" width=\"448\" height=\"285\" border=\"1\" vspace=\"5\" \/><\/b><\/p>\n<ul>\n<li><b>Wir liefern <\/b>t\u00e4glich zwischen 11.15 und 13.15 Uhr ein hei\u00dfes Mitagessen Ihrer Wahl an.<br \/>\nDas Men\u00fc wird Ihnen in einer Isolierbox gebracht.<\/li>\n<li>Entsprechend Ihrem Appetit k\u00f6nnen Sie zwischen <b>gro\u00dfen, mittleren und kleinen Men\u00fcs <\/b>ausw\u00e4hlen.<br \/>\nIn unserem Katalog finden Sie auch Essen f\u00fcr Diabetiker.<\/li>\n<li><b>Wir liefern<\/b> Ihnen auch fleischlose oder p\u00fcrierte Kost, sowie cholesterin- und natriumarme Gerichte an.<\/li>\n<li><b>Wir liefern<\/b> einmal w\u00f6chentlich gefrorene Men\u00fcs, die Sie selbst fertig garen k\u00f6nnen.<br \/>\nHierzu k\u00f6nnen spezielle Ger\u00e4te ausgeliehen oder erworben werden.<\/li>\n<li><b>Wir bringen<\/b> als Kaltlieferung auch einmal w\u00f6chentlich Men\u00fcs in Kunststoffschalen zum Fertiggaren in der Mikrowelle.<\/li>\n<li><b>Wir sorgen<\/b> daf\u00fcr, dass Sie eine ausgewognene, schmackhafte Kost erhalten.<br \/>\nRegelm\u00e4\u00dfige warme Mahlzeiten f\u00f6rdern Ihre Gesundheit!<\/li>\n<li><b>Wir liefern<\/b> alles von leckerer Hausmannkost bis zu beliebten Spezialit\u00e4ten.<br \/>\nUnsere Men\u00fcs erhalten keine Geschmacksverst\u00e4rker, keine Konservierungsstoffe und keine gentechnisch ver\u00e4nderten Lebensmittel.<\/li>\n<li><b>Wir liefern<\/b> Ihnen auf Wunsch <b>ein Probemen\u00fc<\/b> zum Schnupperpreis von \u20ac 3.60.<br \/>\nRufen Sie uns an <strong>unter 02205 900 77 17 von Montag bis Freitag von 8 &#8211; 17 Uhr<\/strong>.<\/li>\n<li><b>Wir bieten<\/b> diesen Service auch f\u00fcr <b>kurzzeitige<\/b> Auftr\u00e4ge, etwa w\u00e4hrend des Urlaubs von Angeh\u00f6rigen oder nach Krankenhausaufenthalt.<\/li>\n<li>Sie k\u00f6nnen in Ruhe zu Hause Ihre Wunsch-Men\u00fcs aus <b>unserem Katalog <\/b>ausw\u00e4hlen und bestellen. Fragen Sie danach.<\/li>\n<li><b>Wir haben<\/b> auch ein Ohr f\u00fcr spontane W\u00fcnsche. <strong>Bestellung dann von 9 &#8211; 10 Uhr unter Tel.02205 900 77 23.<\/strong><\/li>\n<li><b>Wir sind<\/b> ein freundliches und schnelles Team, das Sie jeden Mittag um die gleiche Zeit beliefert.<\/li>\n<li><b>Wir bieten<\/b> bei Bedarf auch ein mehr an Service, wie Essen auf den Teller geben, Fleisch klein schneiden oder Getr\u00e4nke bereit stellen.<\/li>\n<\/ul>\n<h4><b>GUTEN APPETIT!<\/b><\/h4>\n<p>Die Diakonie-Sozialstation f\u00fcr die Stadt R\u00f6srath (gemeinn\u00fctzige GmbH)<br \/>\nin der Hauptstr. 204 in 51503 R\u00f6srath<b><br \/>\n<\/b>ist f\u00fcr Sie <b>Montag bis Freitag von 8 &#8211; 17 Uhr <\/b>erreichbar<\/p>\n<p>unter der <b>Telefonnummer 02205  900 77 17<br \/>\n<\/b>oder <b>per Fax unter 900 77 25<\/b>.<\/p>\n<p>Auch per <b>E-Mail<\/b> sind wir erreichbar unter der Adresse: <a href=\"mailto:info@diakonie-roesrath.de\"><b>info@diakonie-roesrath.de<\/b><\/a>.<\/p>\n<p><u>Unsere K\u00fcche<\/u> ist in <u>dringenden<\/u> F\u00e4llen von <b>Montag bis Freitag von 9 &#8211; 10 Uhr <\/b>und am <b>Samstag und Sonntag von 9.30 bis 10 Uhr <\/b>zu erreichen unter der <b>Tel. 02205 900 77 23<\/b>.<\/p>\n ","protected":false},"excerpt":{"rendered":"<p>Die Diakonie-Sozialstation bietet einen t\u00e4glichen Men\u00fcservice an&#8230; Wir liefern Ihnen an 365 Tagen im Jahr t\u00e4glich warmes Essen oder einmal w\u00f6chentlich eine Kaltlieferung zum Selbstw\u00e4rmen. Auf Wunsch richten wir Ihr <a class=\"more-link\" href=\"https:\/\/www.evkirche-roesrath.de\/index.php\/gemeindeeinrichtungen\/die-diakoniesozialstation\/mobiler-menueservice\/\">weiterlesen \u2192<\/a><\/p>\n","protected":false},"author":2,"featured_media":0,"parent":12317,"menu_order":3,"comment_status":"closed","ping_status":"closed","template":"","meta":{"ngg_post_thumbnail":0,"footnotes":""},"class_list":["post-12651","page","type-page","status-publish","hentry"],"_links":{"self":[{"href":"https:\/\/www.evkirche-roesrath.de\/index.php\/wp-json\/wp\/v2\/pages\/12651","targetHints":{"allow":["GET"]}}],"collection":[{"href":"https:\/\/www.evkirche-roesrath.de\/index.php\/wp-json\/wp\/v2\/pages"}],"about":[{"href":"https:\/\/www.evkirche-roesrath.de\/index.php\/wp-json\/wp\/v2\/types\/page"}],"author":[{"embeddable":true,"href":"https:\/\/www.evkirche-roesrath.de\/index.php\/wp-json\/wp\/v2\/users\/2"}],"replies":[{"embeddable":true,"href":"https:\/\/www.evkirche-roesrath.de\/index.php\/wp-json\/wp\/v2\/comments?post=12651"}],"version-history":[{"count":0,"href":"https:\/\/www.evkirche-roesrath.de\/index.php\/wp-json\/wp\/v2\/pages\/12651\/revisions"}],"up":[{"embeddable":true,"href":"https:\/\/www.evkirche-roesrath.de\/index.php\/wp-json\/wp\/v2\/pages\/12317"}],"wp:attachment":[{"href":"https:\/\/www.evkirche-roesrath.de\/index.php\/wp-json\/wp\/v2\/media?parent=12651"}],"curies":[{"name":"wp","href":"https:\/\/api.w.org\/{rel}","templated":true}]}}