{"id":12573,"date":"2017-07-05T18:03:55","date_gmt":"2017-07-05T16:03:55","guid":{"rendered":"http:\/\/www.evkirche-roesrath.de\/?page_id=12573"},"modified":"2022-02-21T17:06:41","modified_gmt":"2022-02-21T16:06:41","slug":"jugendfreizeiten","status":"publish","type":"page","link":"https:\/\/www.evkirche-roesrath.de\/index.php\/gruppen-und-veranstaltungen\/kinder-und-jugend\/jugendfreizeiten\/","title":{"rendered":"Jugendfreizeiten"},"content":{"rendered":"<p><b>Seit vielen Jahren f\u00fchren wir in unserer Gemeinde die unterschiedlichsten Jugendfreizeiten durch \u2013 Wochenendfreizeiten oder ein bis zwei Wochen dauernde Freizeiten in den Sommerferien.<\/b><\/p>\n<p>So haben wir die unterschiedlichsten Fl\u00fcsse per Kanu befahren (Agger, Sieg, Lahn, Dordogne &#8230;) und verschiedene L\u00e4nder kennen gelernt (D\u00e4nemark, Frankreich, Norwegen, Schweden, Kroatien, Italien &#8230;).<\/p>\n<p><strong>Jugendfreizeiten \u2013 das bedeutet fast immer:<\/strong><br \/>\nSpa\u00df pur, Gemeinschaft, Action, \u2026 lange Tage, kurze N\u00e4chte und nat\u00fcrlich wenig Schlaf f\u00fcr die Mitarbeiter \u2013 aber auch hier gilt \u2013 nur wer mal mitgefahren ist, kann anfangen zu schw\u00e4rmen.<\/p>\n<p>Pfarrer Thomas Rusch<\/p>\n<hr \/>\n ","protected":false},"excerpt":{"rendered":"<p>Seit vielen Jahren f\u00fchren wir in unserer Gemeinde die unterschiedlichsten Jugendfreizeiten durch \u2013 Wochenendfreizeiten oder ein bis zwei Wochen dauernde Freizeiten in den Sommerferien. So haben wir die unterschiedlichsten Fl\u00fcsse <a class=\"more-link\" href=\"https:\/\/www.evkirche-roesrath.de\/index.php\/gruppen-und-veranstaltungen\/kinder-und-jugend\/jugendfreizeiten\/\">weiterlesen \u2192<\/a><\/p>\n","protected":false},"author":2,"featured_media":0,"parent":12298,"menu_order":4,"comment_status":"closed","ping_status":"closed","template":"","meta":{"ngg_post_thumbnail":0,"footnotes":""},"class_list":["post-12573","page","type-page","status-publish","hentry"],"_links":{"self":[{"href":"https:\/\/www.evkirche-roesrath.de\/index.php\/wp-json\/wp\/v2\/pages\/12573","targetHints":{"allow":["GET"]}}],"collection":[{"href":"https:\/\/www.evkirche-roesrath.de\/index.php\/wp-json\/wp\/v2\/pages"}],"about":[{"href":"https:\/\/www.evkirche-roesrath.de\/index.php\/wp-json\/wp\/v2\/types\/page"}],"author":[{"embeddable":true,"href":"https:\/\/www.evkirche-roesrath.de\/index.php\/wp-json\/wp\/v2\/users\/2"}],"replies":[{"embeddable":true,"href":"https:\/\/www.evkirche-roesrath.de\/index.php\/wp-json\/wp\/v2\/comments?post=12573"}],"version-history":[{"count":0,"href":"https:\/\/www.evkirche-roesrath.de\/index.php\/wp-json\/wp\/v2\/pages\/12573\/revisions"}],"up":[{"embeddable":true,"href":"https:\/\/www.evkirche-roesrath.de\/index.php\/wp-json\/wp\/v2\/pages\/12298"}],"wp:attachment":[{"href":"https:\/\/www.evkirche-roesrath.de\/index.php\/wp-json\/wp\/v2\/media?parent=12573"}],"curies":[{"name":"wp","href":"https:\/\/api.w.org\/{rel}","templated":true}]}}