{"id":12488,"date":"2017-07-03T17:00:48","date_gmt":"2017-07-03T15:00:48","guid":{"rendered":"http:\/\/www.evkirche-roesrath.de\/?page_id=12488"},"modified":"2026-03-23T18:34:27","modified_gmt":"2026-03-23T17:34:27","slug":"gemeindebriefe","status":"publish","type":"page","link":"https:\/\/www.evkirche-roesrath.de\/index.php\/ueber-uns\/gemeindebriefe\/","title":{"rendered":"Gemeindebriefe"},"content":{"rendered":"<div id=\"allcontainer\">\n<h3>Die Gemeindebriefredaktion<\/h3>\n<p style=\"text-align: justify;\">Die Redaktion unseres Gemeindebriefes besteht derzeit aus 9 Personen. Die Redaktion ist dankbar f\u00fcr Anregungen, Hinweise, Leserbriefe oder Ihre Unterst\u00fctzung. Wenn Sie unseren Gemeindebrief mitgestalten m\u00f6chten melden Sie sich bitte bei <a href=\"mailto:andrea.doll@ekir.de\"><strong>Andrea Doll<\/strong><\/a> oder im <strong><a href=\"https:\/\/www.evkirche-roesrath.de\/index.php\/wir-fuer-sie\/gemeindebuero\/\">Gemeindeb\u00fcro<\/a><\/strong><\/p>\n<p style=\"text-align: justify;\"><strong><span style=\"text-decoration: underline;\">Zur Redaktion geh\u00f6ren:<\/span><\/strong><br \/>\nDietmar Binderberger (bi), Ulrich Brodersen, Andrea Doll, Joachim H\u00f6h (JH), Doris H\u00fcls (dh), Wolfgang Knupper, Heinz R\u00f6big (r\u00f6), Anja Ruffer (ar) und Thomas Rusch. Verantwortlich: Andrea Doll<br \/>\nDruck: Leo-Druck, 78333 Stockach. www.leodruck.com Auflage 3.800 St\u00fcck.<\/p>\n<p>&gt;&gt; unseren aktuellen <strong>Gemeindebrief<\/strong> finden Sie <a href=\"https:\/\/www.evkirche-roesrath.de\/wp-content\/uploads\/2026\/02\/GemBrief-2026-03-Web.pdf\" target=\"_blank\" rel=\"noopener\"><strong>hier:<\/strong><\/a><\/p>\n<h3 style=\"text-align: justify;\"><a href=\"https:\/\/www.evkirche-roesrath.de\/wp-content\/uploads\/2026\/02\/GemBrief-2026-03-Web.pdf\" target=\"_blank\" rel=\"noopener\">Unsere Gemeindebriefe als PDF-Datei zum Download.<\/a><\/h3>\n<p style=\"text-align: justify;\"><a href=\"https:\/\/www.evkirche-roesrath.de\/index.php\/registrierung-gemeindebrief-per-e-mail\" target=\"_blank\" rel=\"noopener\"><img decoding=\"async\" class=\"alignleft wp-image-20621\" src=\"https:\/\/www.evkirche-roesrath.de\/wp-content\/uploads\/2020\/10\/Gemeindebrief_Mail-1-150x150.png\" alt=\"\" width=\"75\" height=\"53\" srcset=\"https:\/\/www.evkirche-roesrath.de\/wp-content\/uploads\/2020\/10\/Gemeindebrief_Mail-1-300x212.png 300w, https:\/\/www.evkirche-roesrath.de\/wp-content\/uploads\/2020\/10\/Gemeindebrief_Mail-1-1024x725.png 1024w, https:\/\/www.evkirche-roesrath.de\/wp-content\/uploads\/2020\/10\/Gemeindebrief_Mail-1-768x544.png 768w, https:\/\/www.evkirche-roesrath.de\/wp-content\/uploads\/2020\/10\/Gemeindebrief_Mail-1.png 1195w\" sizes=\"(max-width: 75px) 100vw, 75px\" \/><\/a>Sie k\u00f6nnen den Gemeindebrief auch per E-Mail statt der gedruckten Form erhalten.<br \/>\nDamit k\u00f6nnen Sie einen Beitrag zur Nachhaltigkeit leisten, die Gemeinde kann die Druckkosten senken und die Austr\u00e4ger k\u00f6nnen entlastet werden. Wenn Sie diesen Service in Anspruch nehmen m\u00f6chten,\u00a0 bitten wir Sie, sich mit unserem online-Formular zu registrieren.<br \/>\nZur <a href=\"https:\/\/www.evkirche-roesrath.de\/index.php\/registrierung-gemeindebrief-per-e-mail\/\" target=\"_blank\" rel=\"noopener noreferrer\"><strong>REGISTRIERUNG<\/strong><\/a><\/p>\n<\/div>\n<h3>Wir bitten Sie um Unterst\u00fctzung&#8230;<\/h3>\n<ul>\n<li><strong>&#8230; zur Erstellung des Layouts <\/strong><strong>f\u00fcr jeden unserer vier Gemeindebriefe pro Jahr<br \/>\n<\/strong>(eine Sitzung der Planungsgruppe pro Quartal)<\/li>\n<li style=\"text-align: justify;\"><strong>&#8230; f\u00fcr das Technik-Team<\/strong><br \/>\nWenn Sie den Gemeindebrief als Dokument in den H\u00e4nden halten oder online lesen ist im Hintergrund schon einiges geschehen.<br \/>\nUm einen Gemeindebrief zu erstellen, genauer gesagt: das erste Treffen der Redaktion, die Suche nach Themen, die Auswahl und das Ansprechen m\u00f6glicher Autoren, das Sammeln der Beitr\u00e4ge und Fotos, das erste Fehlerlesen, das grobe Zusammensetzen aller Inhalte und die abschlie\u00dfenden Korrekturen, bevor die Druckerei in Stockach das Produkt \u00fcbermittelt bekommt, hat sich 8-10 Wochen vorher ein mehrk\u00f6pfiges Team mit ehrenamtlichem Engagement und Freude gek\u00fcmmert. Regelm\u00e4\u00dfig finden Menschen zu uns, die sich einbringen m\u00f6chten und unseren Redaktionskreis erweitern. Dennoch suchen wir gerade ganz konkret jemanden, der oder die das Technik-Team Dietmar Binderberger und Anja Ruffer viermal im Jahr bei der Erstellung der Datei am PC unterst\u00fctzen kann. Wir arbeiten mit Adobe InDesign und w\u00fcrden uns sehr \u00fcber Zuwachs freuen. Bitte melden Sie sich &#8211; oder melde Du Dich &#8211; im Gemeindeb\u00fcro oder unter <a href=\"mailto:gemeindebrief-volbergforsbachroesrath@ekir.de\">gemeindebrief-volbergforsbachroesrath@ekir.de<\/a> (ar)<\/li>\n<li style=\"text-align: justify;\"><strong>&#8230; als Austr\u00e4ger\/innen in den Bezirken:<br \/>\n<\/strong>F\u00fcr folgende Stra\u00dfen suchen wir Gemeindeglieder, die bereit sind, viermal im Jahr Gemeindebriefe auszutragen:<br \/>\n<strong>R\u00f6srath<\/strong><br \/>\nMenzlingen<br \/>\nMenzlinger Weg<br \/>\nBitze<br \/>\nHauptstra\u00dfe 1-24<br \/>\nKissel<br \/>\nPannensiefen<br \/>\nS\u00fclztalplatz<\/p>\n<p><strong>Forsbach<\/strong><br \/>\nIm Wielp\u00fctzfeld<br \/>\nZur Halfenwiese<br \/>\nWiesenweg<br \/>\nIm Tentefeld<br \/>\nIn den Auen<\/p>\n<p><strong>Volberg<\/strong><br \/>\nSt\u00f6cken<br \/>\nSt\u00f6cker Garten<br \/>\nSt\u00f6cker Weg ab Haus-Nr. 42<\/p>\n<p>Die Verteilerbezirke k\u00f6nnen individuell zugeschnitten werden. <\/p>\n<li>Die Verteilerbezirke k\u00f6nnen individuell zugeschnitten werden. Die Gemeindebriefe m\u00fcssen im Gemeindeb\u00fcro (Volberg 4) abgeholt werden. Wenn Sie bereit sind, die Verteilung in einer oder mehreren dieser Stra\u00dfen zu \u00fcbernehmen, melden Sie sich bitte im Gemeindeb\u00fcro (Tel.2243) oder per Mail (<a href=\"mailto:volberg-forsbach-roesrath@ekir.de\">volberg-forsbach-roesrath@ekir.de<\/a>).<\/li>\n<\/ul>\n<div id=\"allcontainer\">\n<hr \/>\n<h3 style=\"text-align: justify;\">Unsere Gemeindebriefe (WebVersion) als PDF-Datei<\/h3>\n<ol>\n<li><a href=\"https:\/\/www.evkirche-roesrath.de\/wp-content\/uploads\/2026\/02\/GemBrief-2026-03-Web.pdf\" target=\"_blank\" rel=\"noopener\">Gemeindebrief 1\/2026 (M\u00e4rz &#8211; Mai 2026)<\/a>\n<li><a href=\"https:\/\/www.evkirche-roesrath.de\/wp-content\/uploads\/2025\/11\/GemBrief-2025-12_web.pdf\" target=\"_blank\" rel=\"noopener\">Gemeindebrief 4\/2025 (Dezember &#8211; Februar 2026)<\/a><\/li>\n<li><a href=\"https:\/\/www.evkirche-roesrath.de\/wp-content\/uploads\/2025\/08\/GemBrief-2025-09_web.pdf\" target=\"_blank\" rel=\"noopener\">Gemeindebrief 3\/2025 (September &#8211; November)<\/a><\/li>\n<li><a href=\"https:\/\/www.evkirche-roesrath.de\/wp-content\/uploads\/2025\/05\/GemBrief-2025-06_Web.pdf\" target=\"_blank\" rel=\"noopener\">Gemeindebrief 2\/2025 (Juni &#8211; August)<\/a><\/li>\n<li><a href=\"https:\/\/www.evkirche-roesrath.de\/wp-content\/uploads\/2025\/02\/GemBrief-2025-Web.pdf\" target=\"_blank\" rel=\"noopener\">Gemeindebrief 1\/2025 (M\u00e4rz &#8211; Mai)<\/a><\/li>\n<li><a href=\"https:\/\/www.evkirche-roesrath.de\/wp-content\/uploads\/2024\/11\/GemBrief-2024-12-Web.pdf\" target=\"_blank\" rel=\"noopener\">Gemeindebrief 4\/2024 (Dezember &#8211; Februar 2025)<\/a><\/li>\n<li><a href=\"https:\/\/www.evkirche-roesrath.de\/wp-content\/uploads\/2024\/08\/GemBrief-2024-09-Web.pdf\">Gemeindebrief 3\/2024 (September &#8211; November)<\/a><\/li>\n<li><a href=\"https:\/\/www.evkirche-roesrath.de\/wp-content\/uploads\/2024\/05\/GemBrief-2024-06-web.pdf\" target=\"_blank\" rel=\"noopener\">Gemeindebrief 2\/2024 (Juni &#8211; August)<\/a><\/li>\n<li><a href=\"https:\/\/www.evkirche-roesrath.de\/wp-content\/uploads\/2024\/02\/GemBrief-2024-03-web.pdf\" target=\"_blank\" rel=\"noopener\">Gemeindebrief 1\/2024 (M\u00e4rz &#8211; Mai)<\/a><\/li>\n<li><a href=\"https:\/\/www.evkirche-roesrath.de\/wp-content\/uploads\/2023\/11\/GemBrief-2023-12-Web.pdf\">Gemeindebrief 4\/2023 (Dezember &#8211; Februar 2024)<\/a><\/li>\n<li><a href=\"https:\/\/www.evkirche-roesrath.de\/wp-content\/uploads\/2023\/09\/GemBrief-2023-09-Web.pdf\">Gemeindebrief 3\/2023 (September &#8211; November)<\/a><\/li>\n<li><a href=\"https:\/\/www.evkirche-roesrath.de\/wp-content\/uploads\/2023\/05\/GemBrief-2023-06-web.pdf\">Gemeindebrief 2\/2023 (Juni &#8211; August)<\/a><\/li>\n<li><a href=\"https:\/\/www.evkirche-roesrath.de\/wp-content\/uploads\/2023\/02\/GemBrief-2023-03-web.pdf\" target=\"_blank\" rel=\"noopener\">Gemeindebrief 1\/2023 (M\u00e4rz &#8211; Mai)<\/a><\/li>\n<li><a href=\"https:\/\/www.evkirche-roesrath.de\/wp-content\/uploads\/2022\/11\/GemBrief-2022-12-Web.pdf\">Gemeindebrief 4\/2022 (Dezember &#8211; Februar 2023)<\/a><\/li>\n<li><a href=\"https:\/\/www.evkirche-roesrath.de\/wp-content\/uploads\/2022\/08\/GemBrief-2022-09-Vweb.pdf\">Gemeindebrief 3\/2022 (September &#8211; November)<\/a><\/li>\n<li><a href=\"https:\/\/www.evkirche-roesrath.de\/wp-content\/uploads\/2022\/05\/GemBrief-2022-06-web.pdf\">Gemeindebrief 2\/2022 (Juni &#8211; August)<\/a><\/li>\n<li><a href=\"https:\/\/www.evkirche-roesrath.de\/wp-content\/uploads\/2022\/02\/GemBrief-2022-03-web.pdf\">Gemeindebrief 1\/2022 (M\u00e4rz &#8211; Mai)<\/a><\/li>\n<li><a href=\"https:\/\/www.evkirche-roesrath.de\/wp-content\/uploads\/2021\/11\/GemBrief-2021-12-web.pdf\">Gemeindebrief 4\/2021 (Dezember &#8211; Februar 2022)<\/a><\/li>\n<li><a href=\"https:\/\/www.evkirche-roesrath.de\/wp-content\/uploads\/2021\/08\/GemBrief-2021-09-web.pdf\">Gemeindebrief 3\/2021 (September &#8211; November)<\/a><\/li>\n<li><a href=\"https:\/\/www.evkirche-roesrath.de\/wp-content\/uploads\/2021\/05\/GemBrief-2021-06-Vweb.pdf\" target=\"_blank\" rel=\"noopener noreferrer\">Gemeindebrief 2\/2021 (Juni &#8211; August)<\/a><\/li>\n<li><a href=\"https:\/\/www.evkirche-roesrath.de\/wp-content\/uploads\/2021\/02\/GemBrief-2021-03-Web.pdf\">Gemeindebrief 1\/2021 (M\u00e4rz &#8211; Mai)<\/a><\/li>\n<\/ol>\n<p style=\"text-align: justify;\">Der Beauftragte f\u00fcr den Datenschutz der Evangelischen Kirche in Deutschland gibt in seiner Brosch\u00fcre &#8222;<a href=\"https:\/\/datenschutz.ekd.de\/infothek-items\/datenschutz-im-gemeindebrief\/\" target=\"_blank\" rel=\"noopener noreferrer\">Datenschutz im Gemeindebrief<\/a> &#8220; die wesentlichen Voraussetzungen zur Ver\u00f6ffentlichung der Gemeindebriefe im Internet bekannt, an die wir uns selbstverst\u00e4ndlich halten.<\/p>\n<p style=\"text-align: justify;\"><strong>Welche pers\u00f6nlichen Daten d\u00fcrfen im Internet-Gemeindebrief ver\u00f6ffentlicht werden?<\/strong><br \/>\nDaten d\u00fcrfen grunds\u00e4tzlich nur nach einer vorherigen Einwilligung der Betroffenen gem\u00e4\u00df <strong>\u00a7 11 DSG-EKD<\/strong> ver\u00f6ffentlicht werden. In unseren online-Gemeindebriefen werden keine personenbezogenen Daten zu Amtshandlungen, Geburtstagen, Ehe- und Konfirmations-Jubil\u00e4en ver\u00f6ffentlicht.<\/p>\n<p style=\"text-align: justify;\">Ein <a href=\"https:\/\/www.evkirche-roesrath.de\/wp-content\/uploads\/2019\/02\/Widerruf.pdf\" target=\"_blank\" rel=\"noopener noreferrer\">Widerruf dieser Einwilligung<\/a> ist jederzeit m\u00f6glich. Die Kontaktdaten und die Form des Widerrufs finden Sie in unserer <a href=\"https:\/\/www.evkirche-roesrath.de\/index.php\/ueber-uns\/adressen\/datenschutzerklaerung\/\" target=\"_blank\" rel=\"noopener noreferrer\">Datenschutzerkl\u00e4rung<\/a>.<\/p>\n<\/div>\n ","protected":false},"excerpt":{"rendered":"<p>Die Gemeindebriefredaktion Die Redaktion unseres Gemeindebriefes besteht derzeit aus 9 Personen. Die Redaktion ist dankbar f\u00fcr Anregungen, Hinweise, Leserbriefe oder Ihre Unterst\u00fctzung. Wenn Sie unseren Gemeindebrief mitgestalten m\u00f6chten melden Sie <a class=\"more-link\" href=\"https:\/\/www.evkirche-roesrath.de\/index.php\/ueber-uns\/gemeindebriefe\/\">weiterlesen \u2192<\/a><\/p>\n","protected":false},"author":2,"featured_media":0,"parent":12141,"menu_order":5,"comment_status":"closed","ping_status":"closed","template":"","meta":{"ngg_post_thumbnail":0,"footnotes":""},"class_list":["post-12488","page","type-page","status-publish","hentry"],"_links":{"self":[{"href":"https:\/\/www.evkirche-roesrath.de\/index.php\/wp-json\/wp\/v2\/pages\/12488","targetHints":{"allow":["GET"]}}],"collection":[{"href":"https:\/\/www.evkirche-roesrath.de\/index.php\/wp-json\/wp\/v2\/pages"}],"about":[{"href":"https:\/\/www.evkirche-roesrath.de\/index.php\/wp-json\/wp\/v2\/types\/page"}],"author":[{"embeddable":true,"href":"https:\/\/www.evkirche-roesrath.de\/index.php\/wp-json\/wp\/v2\/users\/2"}],"replies":[{"embeddable":true,"href":"https:\/\/www.evkirche-roesrath.de\/index.php\/wp-json\/wp\/v2\/comments?post=12488"}],"version-history":[{"count":15,"href":"https:\/\/www.evkirche-roesrath.de\/index.php\/wp-json\/wp\/v2\/pages\/12488\/revisions"}],"predecessor-version":[{"id":28228,"href":"https:\/\/www.evkirche-roesrath.de\/index.php\/wp-json\/wp\/v2\/pages\/12488\/revisions\/28228"}],"up":[{"embeddable":true,"href":"https:\/\/www.evkirche-roesrath.de\/index.php\/wp-json\/wp\/v2\/pages\/12141"}],"wp:attachment":[{"href":"https:\/\/www.evkirche-roesrath.de\/index.php\/wp-json\/wp\/v2\/media?parent=12488"}],"curies":[{"name":"wp","href":"https:\/\/api.w.org\/{rel}","templated":true}]}}