{"id":12331,"date":"2017-06-26T16:45:24","date_gmt":"2017-06-26T14:45:24","guid":{"rendered":"http:\/\/www.evkirche-roesrath.de\/?page_id=12331"},"modified":"2019-06-24T09:22:50","modified_gmt":"2019-06-24T07:22:50","slug":"im-kongo","status":"publish","type":"page","link":"https:\/\/www.evkirche-roesrath.de\/index.php\/gruppen-und-veranstaltungen\/partner-u-nachbarn\/im-kongo\/","title":{"rendered":"Im Kongo"},"content":{"rendered":"<h3>Partnerschaft der Kirchenkreise K\u00f6ln-Rechtsrheinisch und Kalungu, Demokratische Republik Kongo<\/h3>\n<p><b>Im Bewusstsein der Teilhabe an der einen Kirche Christi hat der Kirchenkreis K\u00f6ln &#8211; Rechtsrheinisch 1990 Verbindungen zu den Kirchenkreisen Buric\u00e0 (Brasilien), Kaohshiung (Taiwan) und Kalungu (damals Zaire, heute Kongo) aufgenommen.<br \/>\n<\/b><\/p>\n<p><a href=\"https:\/\/www.evkirche-roesrath.de\/wp-content\/uploads\/2017\/11\/Partnerschaftsvereinbarung-unterschrieben.pdf\" target=\"_blank\" rel=\"noopener\">Die Partnerschaftsvereinbarung als PDF-Datei zum download<\/a><\/p>\n<h3>Das Tageszentrum <a href=\"https:\/\/www.evkirche-roesrath.de\/index.php\/gruppen-und-veranstaltungen\/partner-u-nachbarn\/im-kongo\/tageszentrum-minova\/\" target=\"_blank\" rel=\"noopener\">MINOVA<\/a> entsteht in der Partnerschaft mit Kalungu<\/h3>\n<p>Die in 2017 begonnenen Planungen der Geschwister in einem gr\u00f6\u00dferen Ort nicht weit von Kalungu das Diakonie-  und Tageszentrum &#8222;MINOVA&#8220; zu bauen, schreiten voran.<br \/>\nDieses Zentrum wird mehreren Zwecken dienen:<br \/>\n&#8211; Menschen mit einer Behinderung und arbeitslosen Jugendlichen eine handwerkliche Ausbildung bieten.<br \/>\n&#8211; Ein Austauschzentrum f\u00fcr \u00e4ltere Personen sein, wo diese eine Beratung und Therapie auf psychischem und medizinischem Gebiet bekommen k\u00f6nnen und ein kleines Handwerk lernen k\u00f6nnen, um damit ihren Lebensunterhalt zu bestreiten. Da viele Familien zu arm sind f\u00fcr die \u00e4lteren Menschen zu sorgen, sind diese aufs Betteln angewiesen.<br \/>\nAu\u00dferdem werden sie hier ihre Geschichten erz\u00e4hlen k\u00f6nnen. Diese werden dann f\u00fcr die j\u00fcngere Generation festgehalten.<\/p>\n<p>Den Flyer zum Neubau des Tagezentrums finden Sie <a href=\"https:\/\/www.evkirche-roesrath.de\/wp-content\/uploads\/2019\/04\/Flyer_Minova.pdf\" target=\"_blank\" rel=\"noopener\"><strong>hier:<\/strong><\/a><br \/>\n<a href=\"https:\/\/www.evkirche-roesrath.de\/index.php\/gruppen-und-veranstaltungen\/partner-u-nachbarn\/im-kongo\/tageszentrum-minova\/\" target=\"_blank\" rel=\"noopener\">Auf der Seite Tageszentrum MINOVA stellen wir Bilder zum Baufortschritt zusammen<\/a><br \/>\n<a href=\"https:\/\/www.evkirche-roesrath.de\/index.php\/gruppen-und-veranstaltungen\/partner-u-nachbarn\/im-kongo\/neue-nachrichten-aus-dem-kirchenkreis-kalungu\/\" target=\"_blank\" rel=\"noopener\">Neue Nachrichten aus dem Kirchenkreis Kalungu (Stand April 2019)<\/a><br \/>\n<a href=\"https:\/\/www.evkirche-roesrath.de\/index.php\/gruppen-und-veranstaltungen\/partner-u-nachbarn\/im-kongo\/nachrichten-stand-mai-2019\/\">Neue Nachrichten aus dem Kirchenkreis Kalungu (Stand Mai 2019)<\/a><br \/>\n<a href=\"https:\/\/www.evkirche-roesrath.de\/wp-content\/uploads\/2019\/06\/20190517-Ebola-in-Kongo-FAZ.jpeg\">FAZ v. 17. Mai 2019: mehr als 1.100 Tote durch Ebula im Kongo<\/a><\/p>\n<hr \/>\n<p><strong>Wenn Sie dieses Projekt unterst\u00fctzen m\u00f6chten, k\u00f6nnen Sie Spenden auf das Kirchenkreis K\u00f6ln -rechtsrheinisch IBAN DE 63 3705 0299 0311 0013 58 Stichwort : MINOVA \u00fcberweisen.<\/strong><\/p>\n<p>F\u00fcr eine Spende bedanken wir uns hiermit ganz herzlich.<br \/>\nHerman Leendertse<\/p>\n<hr \/>\n<p><b>Gesucht:<\/b><br \/>\nInteressierte Menschen im Kirchenkreis, die Lust h\u00e4tten, dieses Projekt f\u00fcr die Zeit von 1-2 Jahren zu begleiten (Konzipierung, Antragstellung beim Geldgeber, Durchf\u00fchrung, begleitende Arbeit in Deutschland, \u00dcbersetzungen (Franz\u00f6sisch)).<\/p>\n<p>Kontakt:<br \/>\nHelena Gaida<br \/>\nFontanestr. 45<br \/>\n51429 Bergisch Gladbach<br \/>\nTel. 02204-83736<br \/>\n<a href=\"mailto:helenagaida@gmx.de?subject=Kalungu%20Diakonie\"><u><b>helenagaida@gmx.de<\/b><\/u><\/a><br \/>\nStand Febr. 2017<\/p>\n ","protected":false},"excerpt":{"rendered":"<p>Partnerschaft der Kirchenkreise K\u00f6ln-Rechtsrheinisch und Kalungu, Demokratische Republik Kongo Im Bewusstsein der Teilhabe an der einen Kirche Christi hat der Kirchenkreis K\u00f6ln &#8211; Rechtsrheinisch 1990 Verbindungen zu den Kirchenkreisen Buric\u00e0 <a class=\"more-link\" href=\"https:\/\/www.evkirche-roesrath.de\/index.php\/gruppen-und-veranstaltungen\/partner-u-nachbarn\/im-kongo\/\">weiterlesen \u2192<\/a><\/p>\n","protected":false},"author":2,"featured_media":0,"parent":13728,"menu_order":1,"comment_status":"closed","ping_status":"closed","template":"","meta":{"ngg_post_thumbnail":0,"footnotes":""},"class_list":["post-12331","page","type-page","status-publish","hentry"],"_links":{"self":[{"href":"https:\/\/www.evkirche-roesrath.de\/index.php\/wp-json\/wp\/v2\/pages\/12331","targetHints":{"allow":["GET"]}}],"collection":[{"href":"https:\/\/www.evkirche-roesrath.de\/index.php\/wp-json\/wp\/v2\/pages"}],"about":[{"href":"https:\/\/www.evkirche-roesrath.de\/index.php\/wp-json\/wp\/v2\/types\/page"}],"author":[{"embeddable":true,"href":"https:\/\/www.evkirche-roesrath.de\/index.php\/wp-json\/wp\/v2\/users\/2"}],"replies":[{"embeddable":true,"href":"https:\/\/www.evkirche-roesrath.de\/index.php\/wp-json\/wp\/v2\/comments?post=12331"}],"version-history":[{"count":0,"href":"https:\/\/www.evkirche-roesrath.de\/index.php\/wp-json\/wp\/v2\/pages\/12331\/revisions"}],"up":[{"embeddable":true,"href":"https:\/\/www.evkirche-roesrath.de\/index.php\/wp-json\/wp\/v2\/pages\/13728"}],"wp:attachment":[{"href":"https:\/\/www.evkirche-roesrath.de\/index.php\/wp-json\/wp\/v2\/media?parent=12331"}],"curies":[{"name":"wp","href":"https:\/\/api.w.org\/{rel}","templated":true}]}}