{"id":12329,"date":"2017-06-26T16:41:31","date_gmt":"2017-06-26T14:41:31","guid":{"rendered":"http:\/\/www.evkirche-roesrath.de\/?page_id=12329"},"modified":"2025-10-03T12:00:34","modified_gmt":"2025-10-03T10:00:34","slug":"taschengeldboerse","status":"publish","type":"page","link":"https:\/\/www.evkirche-roesrath.de\/index.php\/gemeindeeinrichtungen\/taschengeldboerse\/","title":{"rendered":"Taschengeldb\u00f6rse"},"content":{"rendered":"<p style=\"text-align: justify;\">\u2026 und rund ums Haus ist viel zu tun. F\u00e4llt Ihnen die Gartenarbeit schwer, weil ihr R\u00fccken sich nicht mehr so gerne b\u00fcckt wie fr\u00fcher? Dann wenden Sie sich doch an uns!<br \/>\nDie Taschengeldb\u00f6rse vermittelt Sch\u00fclerinnen und Sch\u00fcler an Seniorinnen und Senioren f\u00fcr kleinere Arbeiten in Haus und Garten: Rasen m\u00e4hen, Einkaufen, Bedienung von PC oder Smartphone, Hund ausf\u00fchren oder auch nur Spazierengehen oder Vorlesen.<br \/>\nF\u00fcr ein kleines Taschengeld kommt eine Sch\u00fclerin oder ein Sch\u00fcler zu Ihnen ins Haus, um Sie zu unterst\u00fctzen.<\/p>\n<p>Auch Sch\u00fclerinnen und Sch\u00fcler, die bereit sind, gegen ein kleines Taschengeld solche kleinen Hilfeleistungen f\u00fcr einen \u00e4lteren Menschen zu erbringen, bitten wir, sich bei uns zu melden. Der Preis f\u00fcr eine Arbeitsstunde unserer Taschengeldb\u00f6rse wurde ab Januar 2024\u00a0auf 9 \u20ac\u00a0 erh\u00f6ht.<\/p>\n<p>Die Taschengeldb\u00f6rse hat sich das Prinzip \u201e<strong>Jung hilft Alt<\/strong>\u201c zum Motto gew\u00e4hlt.<br \/>\nSie ist \u00fcberparteilich und \u00fcberkonfessionell, die Mitarbeiter arbeiten ehrenamtlich.<\/p>\n<p><marquee direction=\"right\" behavior=\"alternate\"><\/p>\n<h3>Bitte beachten: wir haben neue Telefonnummern!<\/h3>\n<p><\/marquee><br \/>\nTelefon 02205 \u2013 91 36 65 oder Mobil: 01520 \u2013 47 02 793, Frau Meike Schulte-Uebbing<\/p>\n<p><a href=\"https:\/\/www.evkirche-roesrath.de\/wp-content\/uploads\/2025\/10\/2025-09-25_RahmenbedingungenTAB.pdf\" target=\"_blank\" rel=\"noopener\">Informationen zur Taschengeldb\u00f6rse<\/a><br \/>\n<a href=\"https:\/\/www.evkirche-roesrath.de\/wp-content\/uploads\/2025\/10\/2025-09-25_AnmeldeFormularTAB.Jobsuchende.pdf\" target=\"_blank\" rel=\"noopener\">Anmeldeformular f\u00fcr Jugendliche<\/a><br \/>\n<a href=\"https:\/\/www.evkirche-roesrath.de\/wp-content\/uploads\/2025\/10\/2025-09-25_AnmeldeFormularTAB.Jobanbietende.pdf\" target=\"_blank\" rel=\"noopener\">Anmeldeformular f\u00fcr Jobanbieter<\/a><\/p>\n<p>Das Anmeldeformular kann nach dem Download ausgef\u00fcllt werden. <strong>Eine Unterschrift ist in jedem Fall erforderlich.<\/strong><br \/>\nDas ausgef\u00fcllte und unterschriebene Anmeldeformular schicken Sie bitte<\/p>\n<ul>\n<li>per <strong>E-Mail<\/strong> an <a href=\"mailto:tab-roesrath@gmx.de\" target=\"_blank\">tab-roesrath@gmx.de<\/a> oder<\/li>\n<li>per <strong>Fax<\/strong> an 02205 &#8211; 8940734 oder<\/li>\n<li>per <strong>Post<\/strong> an<br \/>\nTaschengeldb\u00f6rse<br \/>\nHauptstra\u00dfe 16<br \/>\n51503 R\u00f6srath\n  <\/li>\n<ul>\n&nbsp;<br \/>\nVielen Dank!<\/p>\n ","protected":false},"excerpt":{"rendered":"<p>\u2026 und rund ums Haus ist viel zu tun. F\u00e4llt Ihnen die Gartenarbeit schwer, weil ihr R\u00fccken sich nicht mehr so gerne b\u00fcckt wie fr\u00fcher? Dann wenden Sie sich doch <a class=\"more-link\" href=\"https:\/\/www.evkirche-roesrath.de\/index.php\/gemeindeeinrichtungen\/taschengeldboerse\/\">weiterlesen \u2192<\/a><\/p>\n","protected":false},"author":2,"featured_media":0,"parent":12271,"menu_order":9,"comment_status":"closed","ping_status":"closed","template":"","meta":{"ngg_post_thumbnail":0,"footnotes":""},"class_list":["post-12329","page","type-page","status-publish","hentry"],"_links":{"self":[{"href":"https:\/\/www.evkirche-roesrath.de\/index.php\/wp-json\/wp\/v2\/pages\/12329","targetHints":{"allow":["GET"]}}],"collection":[{"href":"https:\/\/www.evkirche-roesrath.de\/index.php\/wp-json\/wp\/v2\/pages"}],"about":[{"href":"https:\/\/www.evkirche-roesrath.de\/index.php\/wp-json\/wp\/v2\/types\/page"}],"author":[{"embeddable":true,"href":"https:\/\/www.evkirche-roesrath.de\/index.php\/wp-json\/wp\/v2\/users\/2"}],"replies":[{"embeddable":true,"href":"https:\/\/www.evkirche-roesrath.de\/index.php\/wp-json\/wp\/v2\/comments?post=12329"}],"version-history":[{"count":11,"href":"https:\/\/www.evkirche-roesrath.de\/index.php\/wp-json\/wp\/v2\/pages\/12329\/revisions"}],"predecessor-version":[{"id":27717,"href":"https:\/\/www.evkirche-roesrath.de\/index.php\/wp-json\/wp\/v2\/pages\/12329\/revisions\/27717"}],"up":[{"embeddable":true,"href":"https:\/\/www.evkirche-roesrath.de\/index.php\/wp-json\/wp\/v2\/pages\/12271"}],"wp:attachment":[{"href":"https:\/\/www.evkirche-roesrath.de\/index.php\/wp-json\/wp\/v2\/media?parent=12329"}],"curies":[{"name":"wp","href":"https:\/\/api.w.org\/{rel}","templated":true}]}}