{"id":12319,"date":"2017-06-26T16:37:22","date_gmt":"2017-06-26T14:37:22","guid":{"rendered":"http:\/\/www.evkirche-roesrath.de\/?page_id=12319"},"modified":"2022-02-21T16:39:41","modified_gmt":"2022-02-21T15:39:41","slug":"die-kita-volberg-mit-familienzentrum","status":"publish","type":"page","link":"https:\/\/www.evkirche-roesrath.de\/index.php\/gemeindeeinrichtungen\/kindertagesstaetten\/die-kita-volberg-mit-familienzentrum\/","title":{"rendered":"Die Kita Volberg mit Familienzentrum"},"content":{"rendered":"<h5>Seit 1. August 2017 mit neuem Tr\u00e4ger<br \/>\nUnsere Kita in <a href=\"https:\/\/www.evkirche-roesrath.de\/index.php\/gemeindeeinrichtungen\/kita-volberg\/kita-in-kooperation\/\">Kooperation<\/a> mit der Diakonie Michaelshoven.<\/h5>\n<p><b>Schon seit 1956 bietet die Evangelische Gemeinde Volberg-Forsbach-R\u00f6srath in Hoffnungsthal Erziehung, Bildung und Betreuung mit evangelischem Profil. Die Kindertagesst\u00e4tte begann als Einrichtung mit einer Gruppe, die unterhalb des Gemeindesaals lag. Durch den Anbau eines Flachdachgeb\u00e4udes und der Nutzung von R\u00e4umen unten im Baumhofshaus entwickelte sich die Kindertagesst\u00e4tte zu einer Einrichtung mit drei Gruppen. 2014 kam eine weitere Gruppe dazu, die in einem Pavillon auf dem Spielplatzgel\u00e4nde untergebracht ist. Die Planung sieht vor, dass diese Gruppe eine Befristung bis 2017 hat. <\/b><b>Alle Gruppenr\u00e4ume mit je einem bis zwei Gruppennebenr\u00e4umen liegen ebenerdig. Zum Turnen, f\u00fcr Projekte und gr\u00f6\u00dfere Feiern wird der Gemeindesaal genutzt.<br \/>\n<\/b><\/p>\n<p>&nbsp;<\/p>\n<p>Auf dieser Wiese steht inzwischen der Pavillon f\u00fcr die vierte Gruppe.<\/p>\n<p><img fetchpriority=\"high\" decoding=\"async\" src=\"https:\/\/www.evkirche-roesrath.de\/wp-content\/uploads\/2017\/08\/kita.jpg\" alt=\"\" width=\"450\" height=\"236\" border=\"1\" hspace=\"0\" vspace=\"10\" \/><\/p>\n<p>Die <b>Evangelische Kindertagesst\u00e4tte Volberg <\/b>hat<b> <\/b>ihr Angebot f\u00fcr Familien durch das <a href=\"https:\/\/www.evkirche-roesrath.de\/index.php\/gemeindeeinrichtungen\/die-kita-volberg-mit-familienzentrum\/das-familienzentrum-hoffnungsthal\/\"><b>Familienzentrum Hoffnungsthal<\/b><\/a> erweitert.<\/p>\n<p>Zahlreiche Kooperationspartner unterst\u00fctzen ein breites Spektrum an Angeboten.<\/p>\n ","protected":false},"excerpt":{"rendered":"<p>Seit 1. August 2017 mit neuem Tr\u00e4ger Unsere Kita in Kooperation mit der Diakonie Michaelshoven. Schon seit 1956 bietet die Evangelische Gemeinde Volberg-Forsbach-R\u00f6srath in Hoffnungsthal Erziehung, Bildung und Betreuung mit <a class=\"more-link\" href=\"https:\/\/www.evkirche-roesrath.de\/index.php\/gemeindeeinrichtungen\/kindertagesstaetten\/die-kita-volberg-mit-familienzentrum\/\">weiterlesen \u2192<\/a><\/p>\n","protected":false},"author":2,"featured_media":0,"parent":18011,"menu_order":13,"comment_status":"closed","ping_status":"closed","template":"","meta":{"ngg_post_thumbnail":0,"footnotes":""},"class_list":["post-12319","page","type-page","status-publish","hentry"],"_links":{"self":[{"href":"https:\/\/www.evkirche-roesrath.de\/index.php\/wp-json\/wp\/v2\/pages\/12319","targetHints":{"allow":["GET"]}}],"collection":[{"href":"https:\/\/www.evkirche-roesrath.de\/index.php\/wp-json\/wp\/v2\/pages"}],"about":[{"href":"https:\/\/www.evkirche-roesrath.de\/index.php\/wp-json\/wp\/v2\/types\/page"}],"author":[{"embeddable":true,"href":"https:\/\/www.evkirche-roesrath.de\/index.php\/wp-json\/wp\/v2\/users\/2"}],"replies":[{"embeddable":true,"href":"https:\/\/www.evkirche-roesrath.de\/index.php\/wp-json\/wp\/v2\/comments?post=12319"}],"version-history":[{"count":0,"href":"https:\/\/www.evkirche-roesrath.de\/index.php\/wp-json\/wp\/v2\/pages\/12319\/revisions"}],"up":[{"embeddable":true,"href":"https:\/\/www.evkirche-roesrath.de\/index.php\/wp-json\/wp\/v2\/pages\/18011"}],"wp:attachment":[{"href":"https:\/\/www.evkirche-roesrath.de\/index.php\/wp-json\/wp\/v2\/media?parent=12319"}],"curies":[{"name":"wp","href":"https:\/\/api.w.org\/{rel}","templated":true}]}}