{"id":12285,"date":"2017-06-26T16:09:12","date_gmt":"2017-06-26T14:09:12","guid":{"rendered":"http:\/\/www.evkirche-roesrath.de\/?page_id=12285"},"modified":"2025-02-01T12:23:01","modified_gmt":"2025-02-01T11:23:01","slug":"seelsorge","status":"publish","type":"page","link":"https:\/\/www.evkirche-roesrath.de\/index.php\/wir-fuer-sie\/seelsorge\/","title":{"rendered":"Seelsorge"},"content":{"rendered":"<div id=\"content\">\n<div>\n<h2 class=\"pressreport__subline\">Wie geht es Ihnen?<\/h2>\n<p style=\"text-align: justify;\"><strong>Seelsorge ist die Begleitung der Menschen in Glaubens- und Lebensfragen, in Krisen und Konflikten,<br \/>\nin Schuldverstrickung und Lebensangst, in Krankheit und Sterben, in Trauer und Neubeginn.<\/strong><\/p>\n<p>Auch wenn derzeit vieles nur auf Abstand m\u00f6glich ist, haben wir ein offenes Ohr, Rat und viele Wege zu helfen: Seelsorgerinnen und Seelsorger der Evangelischen Kirche im Rheinland sind auch in Zeiten der Kontaktminimierung ansprechbar.<\/p>\n<p style=\"text-align: justify;\">Seelsorge geh\u00f6rt zu den zentralen Aufgaben der Pfarrerinnen und Pfarrer, die f\u00fcr Seelsorge ausgebildet sind.<br \/>\nDoch zugleich ist Seelsorge auch Aufgabe der ganzen Kirchengemeinde. Sie kann also auch von ausgebildeten ehrenamtlich Mitarbeitenden \u00fcbernommen werden.<br \/>\nAuch Gruppen, Besuchsdienstkreise, Selbsthilfegruppen oder Gottesdienste k\u00f6nnen eine seelsorgliche Komponente haben.<\/p>\n<p style=\"text-align: justify;\">Seelsorge findet spontan oder verabredet statt. Ebenso k\u00f6nnen Anl\u00e4sse wie Taufe, Trauung oder Beerdigungen der Ausgangspunkt f\u00fcr seelsorgliche Gespr\u00e4che sein. H\u00e4ufig kann \u00fcber die Seelsorge auch der Kontakt zu anderen Hilfsangeboten hergestellt werden.<br \/>\nZur Seelsorge geh\u00f6ren Rituale und gottesdienstliche Elemente wie die Beichte oder das Krankenabendmahl.<\/p>\n<p style=\"text-align: justify;\">Es gibt zahlreiche Felder der Seelsorge f\u00fcr spezielle Zielgruppen, zum Beispiel Krankenhaus- und Altenheimseelsorge, Gef\u00e4ngnis-, Polizei- und Notfallseelsorge sowie die Seelsorge in der Bundeswehr.<br \/>\nSeelsorge folgt auch den Entwicklungen der Kommunikationsmittel, Stichworte daf\u00fcr sind die Telefonseelsorge und die Chatseelsorge.<\/p>\n<p style=\"text-align: justify;\">Seelsorgerinnen und Seelsorger arbeiten vertraulich und unterliegen einer besonderen Pflicht zur Verschwiegenheit.<br \/>\n(EKiR)<\/p>\n<h3>Sie k\u00f6nnen uns anrufen:<\/h3>\n<p>\u2022 Pfarrer Thomas Rusch in Hoffnungsthal (Tel. 897907),<br \/>\nSollten Sie nur den Anrufbeantworter erreichen, rufen wir baldm\u00f6glichst zur\u00fcck.<\/p>\n<p><strong>Eine weitere M\u00f6glichkeit bietet in Ihnen die <a href=\"http:\/\/www.ev-telefonseelsorge-koeln.de\">Ev. Telefonseelsorge<\/a> in K\u00f6ln an<\/strong>:<br \/>\nSie k\u00f6nnen dort jeder Zeit, Tag und Nacht, kostenfrei anrufen, auch an Wochenenden und Feiertagen.<br \/>\nUnsere Mitarbeiterinnen und Mitarbeiter haben ein geschultes Ohr. Sie sind offen, aufmerksam und erfahren und nehmen sich gerne Zeit f\u00fcr Sie.<br \/>\n<strong>Sie k\u00f6nnen uns anrufen, z.B. wenn Sie<br \/>\n<\/strong>&#8211; einsam sind<br \/>\n&#8211; Angst haben<br \/>\n&#8211; sich in einer Lebenskrise befinden<br \/>\n&#8211; Konflikte in Ihrer Beziehung oder Familie haben<br \/>\n&#8211; Ihres Lebens m\u00fcde sind<br \/>\n&#8211; oder einfach mal mit einer dritten unabh\u00e4ngigen Person reden m\u00f6chten.<br \/>\n<strong>Kostenloses Telefon 0800 111 0 111 (Tag und Nacht).<\/strong><\/p>\n<\/div>\n<\/div>\n ","protected":false},"excerpt":{"rendered":"<p>Wie geht es Ihnen? Seelsorge ist die Begleitung der Menschen in Glaubens- und Lebensfragen, in Krisen und Konflikten, in Schuldverstrickung und Lebensangst, in Krankheit und Sterben, in Trauer und Neubeginn. <a class=\"more-link\" href=\"https:\/\/www.evkirche-roesrath.de\/index.php\/wir-fuer-sie\/seelsorge\/\">weiterlesen \u2192<\/a><\/p>\n","protected":false},"author":2,"featured_media":0,"parent":12148,"menu_order":5,"comment_status":"closed","ping_status":"closed","template":"","meta":{"ngg_post_thumbnail":0,"footnotes":""},"class_list":["post-12285","page","type-page","status-publish","hentry"],"_links":{"self":[{"href":"https:\/\/www.evkirche-roesrath.de\/index.php\/wp-json\/wp\/v2\/pages\/12285","targetHints":{"allow":["GET"]}}],"collection":[{"href":"https:\/\/www.evkirche-roesrath.de\/index.php\/wp-json\/wp\/v2\/pages"}],"about":[{"href":"https:\/\/www.evkirche-roesrath.de\/index.php\/wp-json\/wp\/v2\/types\/page"}],"author":[{"embeddable":true,"href":"https:\/\/www.evkirche-roesrath.de\/index.php\/wp-json\/wp\/v2\/users\/2"}],"replies":[{"embeddable":true,"href":"https:\/\/www.evkirche-roesrath.de\/index.php\/wp-json\/wp\/v2\/comments?post=12285"}],"version-history":[{"count":0,"href":"https:\/\/www.evkirche-roesrath.de\/index.php\/wp-json\/wp\/v2\/pages\/12285\/revisions"}],"up":[{"embeddable":true,"href":"https:\/\/www.evkirche-roesrath.de\/index.php\/wp-json\/wp\/v2\/pages\/12148"}],"wp:attachment":[{"href":"https:\/\/www.evkirche-roesrath.de\/index.php\/wp-json\/wp\/v2\/media?parent=12285"}],"curies":[{"name":"wp","href":"https:\/\/api.w.org\/{rel}","templated":true}]}}